{"id":1377,"date":"2017-10-31T07:12:56","date_gmt":"2017-10-31T10:12:56","guid":{"rendered":"https:\/\/www.brmedal.com.br\/product\/estojo-liso-nova-luminox-aco-inoxidavel-304-brilhante\/"},"modified":"2022-11-10T18:59:12","modified_gmt":"2022-11-10T21:59:12","slug":"estojo-liso-nova-luminox-aco-inoxidavel-304-brilhante","status":"publish","type":"product","link":"https:\/\/www.brmedal.com.br\/?product=estojo-liso-nova-luminox-aco-inoxidavel-304-brilhante","title":{"rendered":"Estojo para instrumentos liso a\u00e7o inox brilhante"},"content":{"rendered":"","protected":false},"excerpt":{"rendered":"<p>Produto confeccionado com a\u00e7o inoxid\u00e1vel AISI 304, conforme norma internacional para sa\u00fade.<\/p>\n<p>&nbsp;<\/p>\n","protected":false},"featured_media":1376,"comment_status":"open","ping_status":"closed","template":"","meta":[],"product_brand":[],"product_cat":[526,569],"product_tag":[],"class_list":{"0":"post-1377","1":"product","2":"type-product","3":"status-publish","4":"has-post-thumbnail","6":"product_cat-bandejas-utensilios","7":"product_cat-utensilios","8":"pa_tamanhodecaixasfami-10x10x3cm","9":"pa_tamanhodecaixasfami-12x5x2cm","10":"pa_tamanhodecaixasfami-12x9x3cm","11":"pa_tamanhodecaixasfami-18x4x3cm","12":"pa_tamanhodecaixasfami-18x7x2cm","13":"pa_tamanhodecaixasfami-18x8x2cm","14":"pa_tamanhodecaixasfami-18x8x3cm","15":"pa_tamanhodecaixasfami-18x8x5cm","16":"pa_tamanhodecaixasfami-19x13_5x2_5cm","17":"pa_tamanhodecaixasfami-19x19x3cm","18":"pa_tamanhodecaixasfami-20x10x2cm","19":"pa_tamanhodecaixasfami-20x10x3cm","20":"pa_tamanhodecaixasfami-20x10x5cm","21":"pa_tamanhodecaixasfami-3x3x3cm","22":"pa_tamanhodecaixasfami-7x6x3cm","23":"pa_tamanhodecaixasfami-7x6x5cm","24":"pa_tamanhodecaixasfami-8x8x3cm","25":"pa_tamanhodecaixasfami-9x9x3cm","26":"pa_tamanhodecaixasfami-o10x3cm","27":"pa_tamanhodecaixasfami-o13x3cm","28":"pa_tamanhodecaixasfami-o7x1_5cm","30":"first","31":"onbackorder","32":"shipping-taxable","33":"purchasable","34":"product-type-simple"},"_links":{"self":[{"href":"https:\/\/www.brmedal.com.br\/index.php?rest_route=\/wp\/v2\/product\/1377","targetHints":{"allow":["GET"]}}],"collection":[{"href":"https:\/\/www.brmedal.com.br\/index.php?rest_route=\/wp\/v2\/product"}],"about":[{"href":"https:\/\/www.brmedal.com.br\/index.php?rest_route=\/wp\/v2\/types\/product"}],"replies":[{"embeddable":true,"href":"https:\/\/www.brmedal.com.br\/index.php?rest_route=%2Fwp%2Fv2%2Fcomments&post=1377"}],"wp:featuredmedia":[{"embeddable":true,"href":"https:\/\/www.brmedal.com.br\/index.php?rest_route=\/wp\/v2\/media\/1376"}],"wp:attachment":[{"href":"https:\/\/www.brmedal.com.br\/index.php?rest_route=%2Fwp%2Fv2%2Fmedia&parent=1377"}],"wp:term":[{"taxonomy":"product_brand","embeddable":true,"href":"https:\/\/www.brmedal.com.br\/index.php?rest_route=%2Fwp%2Fv2%2Fproduct_brand&post=1377"},{"taxonomy":"product_cat","embeddable":true,"href":"https:\/\/www.brmedal.com.br\/index.php?rest_route=%2Fwp%2Fv2%2Fproduct_cat&post=1377"},{"taxonomy":"product_tag","embeddable":true,"href":"https:\/\/www.brmedal.com.br\/index.php?rest_route=%2Fwp%2Fv2%2Fproduct_tag&post=1377"}],"curies":[{"name":"wp","href":"https:\/\/api.w.org\/{rel}","templated":true}]}}