{"id":14687,"date":"2023-10-07T13:44:53","date_gmt":"2023-10-07T16:44:53","guid":{"rendered":"https:\/\/www.brmedal.com.br\/?post_type=product&#038;p=14687"},"modified":"2023-10-12T16:46:15","modified_gmt":"2023-10-12T19:46:15","slug":"bomba-de-vacuo-p-1-consultorio-suctron-eletronic-plus","status":"publish","type":"product","link":"https:\/\/www.brmedal.com.br\/?product=bomba-de-vacuo-p-1-consultorio-suctron-eletronic-plus","title":{"rendered":"Bomba de V\u00e1cuo p\/ 2 consult\u00f3rios &#8211; Suctron Eletronic Plus"},"content":{"rendered":"<p>OUTRAS CARACTER\u00cdSTICAS:<\/p>\n<p>Turbina completa em liga de bronze.<\/p>\n<p>Filtro coletor de detritos na entrada da suc\u00e7\u00e3o com abertura superior, evitando o contato com os res\u00edduos, tornando-o pr\u00e1tico, eficiente e de f\u00e1cil limpeza.<\/p>\n<p>Filtro de entrada de \u00e1gua.<\/p>\n<p>Protetor t\u00e9rmico intermitente. Protege o motor e o circuito eletr\u00f4nico de quedas de tens\u00e3o na rede externa.<\/p>\n<p>Motor com eixo central em inox.<\/p>\n<p>ESPECIFICA\u00c7\u00d5ES:<\/p>\n<p>* Dimens\u00f5es sem gabinete:<\/p>\n<p>&#8211; Comprimento: 27cm.<\/p>\n<p>&#8211; Largura: 29cm.<\/p>\n<p>&#8211; Altura: 32cm.<\/p>\n<p>* Dimens\u00f5es com gabinete: Comprimento: 30,0cm<\/p>\n<p>&#8211; Largura: 32,7cm.<\/p>\n<p>&#8211; Altura: 37,1cm.<\/p>\n<p>* Peso L\u00edquido:sem gabinete: 16,10 Kg.<\/p>\n<p>* Peso L\u00edquido com gabinete:19,90 Kg.<\/p>\n<p>* Peso Bruto c\/ Embalagem:17,00 Kg.<\/p>\n<p>* Comando de acionamento:Eletr\u00f4nico.<\/p>\n<p>* V\u00e1cuo M\u00e1ximo:450 mmHg\/17,62 inHg.<\/p>\n<p>* Motor (pot\u00eancia):1\/2 Hp.<\/p>\n<p>* Rota\u00e7\u00f5es do motor (r.p.m.):3450-60 Hz.<\/p>\n<p>* Alimenta\u00e7\u00e3o:Bivolt 127V \/ 220V.<\/p>\n<p>* Frequ\u00eancia:60 Hz.<\/p>\n<p>* Corrente:4,57(220V) \/ 13,1A(127V).<\/p>\n<p>* Tens\u00e3o na placa de comando:24 V.<\/p>\n<p>* Vaz\u00e3o de ar m\u00e1xima:200L\/min.<\/p>\n<p>* Consumo de \u00e1gua:0,30L\/min.<\/p>\n<p>* Garantia: 12 meses.<\/p>\n<p>* Garantia: 10 anos na turbina de bronze.<\/p>\n","protected":false},"excerpt":{"rendered":"<p>Sistema autom\u00e1tico de descarga dos res\u00edduos diretamente ao esgoto.<\/p>\n<p>Pr\u00e9-lavagem autom\u00e1tica no filtro coletor.<\/p>\n<p>Turbina com dimensionamento para alto rendimento.<\/p>\n<p>TEMPORIZADOR DE VARREDURA \u2013 Exclusividade Schuster:<\/p>\n<p>Sistema que ao colocar o suctor no suporte da unidade auxiliar, a suc\u00e7\u00e3o permanece por aproximadamente 15 segundos a fim de limpar toda a tubula\u00e7\u00e3o interna.<\/p>\n<p>Este dispositivo poder\u00e1 ser ativado durante a instala\u00e7\u00e3o do equipamento ou posteriormente.<\/p>\n<p>Atende 1 consult\u00f3rio.<\/p>\n<p><strong>EM AT\u00c9 6X SEM JUROS! CHAME AGORA!<\/strong><\/p>\n","protected":false},"featured_media":14688,"comment_status":"open","ping_status":"closed","template":"","meta":[],"product_brand":[],"product_cat":[546,510],"product_tag":[],"class_list":{"0":"post-14687","1":"product","2":"type-product","3":"status-publish","4":"has-post-thumbnail","6":"product_cat-equipamentos-odontologia","7":"product_cat-odontologia","9":"first","10":"instock","11":"shipping-taxable","12":"purchasable","13":"product-type-simple"},"_links":{"self":[{"href":"https:\/\/www.brmedal.com.br\/index.php?rest_route=\/wp\/v2\/product\/14687","targetHints":{"allow":["GET"]}}],"collection":[{"href":"https:\/\/www.brmedal.com.br\/index.php?rest_route=\/wp\/v2\/product"}],"about":[{"href":"https:\/\/www.brmedal.com.br\/index.php?rest_route=\/wp\/v2\/types\/product"}],"replies":[{"embeddable":true,"href":"https:\/\/www.brmedal.com.br\/index.php?rest_route=%2Fwp%2Fv2%2Fcomments&post=14687"}],"wp:featuredmedia":[{"embeddable":true,"href":"https:\/\/www.brmedal.com.br\/index.php?rest_route=\/wp\/v2\/media\/14688"}],"wp:attachment":[{"href":"https:\/\/www.brmedal.com.br\/index.php?rest_route=%2Fwp%2Fv2%2Fmedia&parent=14687"}],"wp:term":[{"taxonomy":"product_brand","embeddable":true,"href":"https:\/\/www.brmedal.com.br\/index.php?rest_route=%2Fwp%2Fv2%2Fproduct_brand&post=14687"},{"taxonomy":"product_cat","embeddable":true,"href":"https:\/\/www.brmedal.com.br\/index.php?rest_route=%2Fwp%2Fv2%2Fproduct_cat&post=14687"},{"taxonomy":"product_tag","embeddable":true,"href":"https:\/\/www.brmedal.com.br\/index.php?rest_route=%2Fwp%2Fv2%2Fproduct_tag&post=14687"}],"curies":[{"name":"wp","href":"https:\/\/api.w.org\/{rel}","templated":true}]}}