{"id":14736,"date":"2023-10-09T20:30:57","date_gmt":"2023-10-09T23:30:57","guid":{"rendered":"https:\/\/www.brmedal.com.br\/?post_type=product&#038;p=14736"},"modified":"2023-10-12T18:20:19","modified_gmt":"2023-10-12T21:20:19","slug":"destilador-de-agua-water-clean-4l-schuster","status":"publish","type":"product","link":"https:\/\/www.brmedal.com.br\/?product=destilador-de-agua-water-clean-4l-schuster","title":{"rendered":"Destilador de \u00c1gua Water Clean 4L \u2013 Schuster"},"content":{"rendered":"<p>Tecnologia<\/p>\n<p>Por meio da t\u00e9cnica de destila\u00e7\u00e3o simples o Destilador Water Clean realiza o aquecimento da \u00e1gua que entra em estado de ebuli\u00e7\u00e3o, o vapor gerado posteriormente \u00e9 resfriado e condensado resultando em \u00e1gua quimicamente pura.<\/p>\n<p>Seguran\u00e7a<\/p>\n<p>Protetor t\u00e9rmico autom\u00e1tico contra superaquecimento e termostato de rearme controlado.<\/p>\n<p>Caracter\u00edsticas<\/p>\n<p>Alto rendimento: Atende at\u00e9 6 autoclaves de 12 litros ou at\u00e9 4 autoclaves de 22 litros funcionando simultaneamente.<\/p>\n<p>Tanque em a\u00e7o inox com capacidade de 4 litros.<\/p>\n<p>Abastecimento manual.<\/p>\n<p>N\u00e3o exige instala\u00e7\u00e3o hidr\u00e1ulica.<\/p>\n<p>Capacidade de destila\u00e7\u00e3o de 1 litro de \u00e1gua por hora.<\/p>\n<p>Acompanha<\/p>\n<p>STEEL CLEAN \u2013 Detergente indicado para limpeza de tanque (Destilador \/ Autoclave) e instrumental em a\u00e7o inox, cuja superf\u00edcie esteja manchada devido ao excesso de calor e\/ou em superf\u00edcies oxidados pelo tempo e uso cont\u00ednuo. Embalagem: Frasco 100 ml.<\/p>\n<p><strong>ESPECIFICA\u00c7\u00d5ES T\u00c9CNICAS<\/strong><\/p>\n<p>Frequ\u00eancia do Motor 60 Hz<\/p>\n<p>Peso do reservat\u00f3rio de coleta \/ enchimento\u00a0\u00a0\u00a0\u00a0\u00a0\u00a0\u00a0\u00a0\u00a0\u00a0 0,280Kg<\/p>\n<p>Peso bruto c\/ embalagem\u00a0\u00a0\u00a0\u00a0\u00a0 4,150<\/p>\n<p>Alimenta\u00e7\u00e3o\u00a0\u00a0 127V ou 220V<\/p>\n<p>Dimens\u00f5es\u00a0\u00a0\u00a0\u00a0\u00a0 Di\u00e2metro: 23,5cm Altura: 39,0cm<\/p>\n<p>Peso l\u00edquido\u00a0\u00a0\u00a0 3,160 KG<\/p>\n<p>Instala\u00e7\u00e3o T\u00e9cnica Credenciada\u00a0\u00a0\u00a0\u00a0\u00a0\u00a0\u00a0\u00a0 N\u00e3o<\/p>\n<p>Capacidade total da cuba inox\u00a0\u00a0\u00a0\u00a0\u00a0\u00a0\u00a0\u00a0\u00a0\u00a0 4 litros<\/p>\n<p>Capacidade\u00a0\u00a0\u00a0\u00a0 1 litro\/hora<\/p>\n<p>Press\u00e3o m\u00e1xima de trabalho\u00a0 750W<\/p>\n<p>Frequ\u00eancia\u00a0\u00a0\u00a0\u00a0\u00a0 50\/60 Hz<\/p>\n","protected":false},"excerpt":{"rendered":"<p>Equipamento para destila\u00e7\u00e3o de \u00e1gua para uso em autoclaves de esteriliza\u00e7\u00e3o a vapor ou qualquer outra aplica\u00e7\u00e3o que necessite de \u00e1gua destilada. Elimina totalmente minerais, metais pesados, toxinas ou qualquer outro contaminante.<\/p>\n","protected":false},"featured_media":14737,"comment_status":"open","ping_status":"closed","template":"","meta":[],"product_brand":[],"product_cat":[546,510],"product_tag":[],"class_list":{"0":"post-14736","1":"product","2":"type-product","3":"status-publish","4":"has-post-thumbnail","6":"product_cat-equipamentos-odontologia","7":"product_cat-odontologia","9":"first","10":"instock","11":"shipping-taxable","12":"purchasable","13":"product-type-simple"},"_links":{"self":[{"href":"https:\/\/www.brmedal.com.br\/index.php?rest_route=\/wp\/v2\/product\/14736","targetHints":{"allow":["GET"]}}],"collection":[{"href":"https:\/\/www.brmedal.com.br\/index.php?rest_route=\/wp\/v2\/product"}],"about":[{"href":"https:\/\/www.brmedal.com.br\/index.php?rest_route=\/wp\/v2\/types\/product"}],"replies":[{"embeddable":true,"href":"https:\/\/www.brmedal.com.br\/index.php?rest_route=%2Fwp%2Fv2%2Fcomments&post=14736"}],"wp:featuredmedia":[{"embeddable":true,"href":"https:\/\/www.brmedal.com.br\/index.php?rest_route=\/wp\/v2\/media\/14737"}],"wp:attachment":[{"href":"https:\/\/www.brmedal.com.br\/index.php?rest_route=%2Fwp%2Fv2%2Fmedia&parent=14736"}],"wp:term":[{"taxonomy":"product_brand","embeddable":true,"href":"https:\/\/www.brmedal.com.br\/index.php?rest_route=%2Fwp%2Fv2%2Fproduct_brand&post=14736"},{"taxonomy":"product_cat","embeddable":true,"href":"https:\/\/www.brmedal.com.br\/index.php?rest_route=%2Fwp%2Fv2%2Fproduct_cat&post=14736"},{"taxonomy":"product_tag","embeddable":true,"href":"https:\/\/www.brmedal.com.br\/index.php?rest_route=%2Fwp%2Fv2%2Fproduct_tag&post=14736"}],"curies":[{"name":"wp","href":"https:\/\/api.w.org\/{rel}","templated":true}]}}