{"id":14771,"date":"2023-10-25T15:58:31","date_gmt":"2023-10-25T18:58:31","guid":{"rendered":"https:\/\/www.brmedal.com.br\/?post_type=product&#038;p=14771"},"modified":"2025-06-30T20:06:28","modified_gmt":"2025-06-30T23:06:28","slug":"motor-omega-gt","status":"publish","type":"product","link":"https:\/\/www.brmedal.com.br\/?product=motor-omega-gt","title":{"rendered":"Motor de implantes Om\u00eaga GT"},"content":{"rendered":"<p><strong>Caracter\u00edsticas:<\/strong><\/p>\n<p>&nbsp;<\/p>\n<p>Implantodontia (perfura\u00e7\u00e3o e inser\u00e7\u00e3o);<\/p>\n<p>Ortop\u00e9dicos;<\/p>\n<p>Perfura\u00e7\u00f5es \u00f3sseas;<\/p>\n<p>Cirurgias buco-maxilo-faciais;<\/p>\n<p>Cirurgias pl\u00e1sticas;<\/p>\n<p>Desgastes e polimentos;<\/p>\n<p>\u2013 Motor para implantes e cirurgias com rota\u00e7\u00e3o at\u00e9 27.000 RPM;<\/p>\n<p>\u2013 Torque programado em 4 n\u00edveis de 10, 15, 25 e 35 Ncm, sendo assim, possui maior precis\u00e3o nos procedimentos.<\/p>\n<p>\u2013 Pedal inteligente com acionamento da bomba e reverso;<\/p>\n<p>\u2013 Cabo do micro motor com irriga\u00e7\u00e3o interna revestido com capa de silicone.<\/p>\n<p>&nbsp;<\/p>\n<p>Material acompanhante do Motor Cir\u00fargico \u00d4mega GT Dentscler:<\/p>\n<p>&nbsp;<\/p>\n<p>Maleta para transporte e acondicionamento, dessa forma, fica f\u00e1cil a locomo\u00e7\u00e3o para profissionais que carregam equipamentos.<\/p>\n<p>Pedal de comando<\/p>\n<p>Micro Motor El\u00e9trico com cabo e conector<\/p>\n<p>Haste para coloca\u00e7\u00e3o da solu\u00e7\u00e3o irrigante<\/p>\n<p>Base de Comando<\/p>\n","protected":false},"excerpt":{"rendered":"<p>Desenvolvido para proporcionar maior conforto e seguran\u00e7a durante os procedimentos.<\/p>\n<p>Equipamento perif\u00e9rico desenvolvido para maior precis\u00e3o na movimenta\u00e7\u00e3o do micro motor el\u00e9trico durante diversos procedimentos cir\u00fargicos.<\/p>\n<p><strong>EM AT\u00c9 5X SEM JUROS!<\/strong><\/p>\n","protected":false},"featured_media":14772,"comment_status":"open","ping_status":"closed","template":"","meta":[],"product_brand":[],"product_cat":[776],"product_tag":[],"class_list":{"0":"post-14771","1":"product","2":"type-product","3":"status-publish","4":"has-post-thumbnail","6":"product_cat-destaque","8":"first","9":"instock","10":"shipping-taxable","11":"purchasable","12":"product-type-simple"},"_links":{"self":[{"href":"https:\/\/www.brmedal.com.br\/index.php?rest_route=\/wp\/v2\/product\/14771","targetHints":{"allow":["GET"]}}],"collection":[{"href":"https:\/\/www.brmedal.com.br\/index.php?rest_route=\/wp\/v2\/product"}],"about":[{"href":"https:\/\/www.brmedal.com.br\/index.php?rest_route=\/wp\/v2\/types\/product"}],"replies":[{"embeddable":true,"href":"https:\/\/www.brmedal.com.br\/index.php?rest_route=%2Fwp%2Fv2%2Fcomments&post=14771"}],"wp:featuredmedia":[{"embeddable":true,"href":"https:\/\/www.brmedal.com.br\/index.php?rest_route=\/wp\/v2\/media\/14772"}],"wp:attachment":[{"href":"https:\/\/www.brmedal.com.br\/index.php?rest_route=%2Fwp%2Fv2%2Fmedia&parent=14771"}],"wp:term":[{"taxonomy":"product_brand","embeddable":true,"href":"https:\/\/www.brmedal.com.br\/index.php?rest_route=%2Fwp%2Fv2%2Fproduct_brand&post=14771"},{"taxonomy":"product_cat","embeddable":true,"href":"https:\/\/www.brmedal.com.br\/index.php?rest_route=%2Fwp%2Fv2%2Fproduct_cat&post=14771"},{"taxonomy":"product_tag","embeddable":true,"href":"https:\/\/www.brmedal.com.br\/index.php?rest_route=%2Fwp%2Fv2%2Fproduct_tag&post=14771"}],"curies":[{"name":"wp","href":"https:\/\/api.w.org\/{rel}","templated":true}]}}