{"id":14779,"date":"2023-10-25T16:55:31","date_gmt":"2023-10-25T19:55:31","guid":{"rendered":"https:\/\/www.brmedal.com.br\/?post_type=product&#038;p=14779"},"modified":"2023-11-01T14:41:55","modified_gmt":"2023-11-01T17:41:55","slug":"contra-angulo-de-implante-201-pb","status":"publish","type":"product","link":"https:\/\/www.brmedal.com.br\/?product=contra-angulo-de-implante-201-pb","title":{"rendered":"Contra \u00c2ngulo de Implante 20:1 &#8211; PB"},"content":{"rendered":"<p><strong>Materiais acompanhantes:<\/strong><\/p>\n<p>estojo para transporte e acondicionamento da pe\u00e7a;<\/p>\n<p>chave para abertura da cabe\u00e7a;<\/p>\n<p>\u00f3leo lubrificante;<\/p>\n<p>manual e certificado de garantia.<\/p>\n","protected":false},"excerpt":{"rendered":"<p>\u2013 Indicado para Perfura\u00e7\u00f5es e inser\u00e7\u00f5es de implantes;<\/p>\n<p>\u2013 Sistema de Fixa\u00e7\u00e3o de Brocas por Push Button;<\/p>\n<p>\u2013 Redu\u00e7\u00e3o de rota\u00e7\u00e3o 20:1;<\/p>\n<p>\u2013 Baixo n\u00edvel de ru\u00eddo.<\/p>\n<p><strong>EM AT\u00c9 5X SEM JUROS!<\/strong><\/p>\n","protected":false},"featured_media":14780,"comment_status":"open","ping_status":"closed","template":"","meta":[],"product_brand":[],"product_cat":[776],"product_tag":[],"class_list":{"0":"post-14779","1":"product","2":"type-product","3":"status-publish","4":"has-post-thumbnail","6":"product_cat-destaque","8":"first","9":"instock","10":"shipping-taxable","11":"purchasable","12":"product-type-simple"},"_links":{"self":[{"href":"https:\/\/www.brmedal.com.br\/index.php?rest_route=\/wp\/v2\/product\/14779","targetHints":{"allow":["GET"]}}],"collection":[{"href":"https:\/\/www.brmedal.com.br\/index.php?rest_route=\/wp\/v2\/product"}],"about":[{"href":"https:\/\/www.brmedal.com.br\/index.php?rest_route=\/wp\/v2\/types\/product"}],"replies":[{"embeddable":true,"href":"https:\/\/www.brmedal.com.br\/index.php?rest_route=%2Fwp%2Fv2%2Fcomments&post=14779"}],"wp:featuredmedia":[{"embeddable":true,"href":"https:\/\/www.brmedal.com.br\/index.php?rest_route=\/wp\/v2\/media\/14780"}],"wp:attachment":[{"href":"https:\/\/www.brmedal.com.br\/index.php?rest_route=%2Fwp%2Fv2%2Fmedia&parent=14779"}],"wp:term":[{"taxonomy":"product_brand","embeddable":true,"href":"https:\/\/www.brmedal.com.br\/index.php?rest_route=%2Fwp%2Fv2%2Fproduct_brand&post=14779"},{"taxonomy":"product_cat","embeddable":true,"href":"https:\/\/www.brmedal.com.br\/index.php?rest_route=%2Fwp%2Fv2%2Fproduct_cat&post=14779"},{"taxonomy":"product_tag","embeddable":true,"href":"https:\/\/www.brmedal.com.br\/index.php?rest_route=%2Fwp%2Fv2%2Fproduct_tag&post=14779"}],"curies":[{"name":"wp","href":"https:\/\/api.w.org\/{rel}","templated":true}]}}