{"id":14795,"date":"2023-10-25T20:44:45","date_gmt":"2023-10-25T23:44:45","guid":{"rendered":"https:\/\/www.brmedal.com.br\/?post_type=product&#038;p=14795"},"modified":"2023-11-01T16:04:27","modified_gmt":"2023-11-01T19:04:27","slug":"refletor-de-bancada-duplo-halogena-duplo-led","status":"publish","type":"product","link":"https:\/\/www.brmedal.com.br\/?product=refletor-de-bancada-duplo-halogena-duplo-led","title":{"rendered":"Refletor de Bancada Duplo (HALOGENA) duplo led"},"content":{"rendered":"<p>Refletor odontol\u00f3gico com duplo cabe\u00e7ote<\/p>\n<p>Intensidade de 20.000 Lux<\/p>\n<p>Bra\u00e7os articulados para melhor ajuste do posicionamento<\/p>\n<p>Puxadores lateriais em forma de al\u00e7a<\/p>\n<p>Prote\u00e7\u00e3o da l\u00e2mpada em policarbonato transparente de alta resist\u00eancia<\/p>\n<p>Espelho multifacetado para elimina\u00e7\u00e3o de sombras e controle de foco ajust\u00e1vel<\/p>\n","protected":false},"excerpt":{"rendered":"<p>Refletor odontol\u00f3gico com duplo cabe\u00e7ote<\/p>\n<p>Intensidade de 20.000 Lux<\/p>\n<p>Bra\u00e7os articulados para melhor ajuste do posicionamento<\/p>\n<p>Puxadores lateriais em forma de al\u00e7a<\/p>\n<p>Prote\u00e7\u00e3o da l\u00e2mpada em policarbonato transparente de alta resist\u00eancia<\/p>\n<p>Espelho multifacetado para elimina\u00e7\u00e3o de sombras e controle de foco ajust\u00e1vel<\/p>\n<p><strong>EM AT\u00c9 5X SEM JUROS!<\/strong><\/p>\n","protected":false},"featured_media":14796,"comment_status":"open","ping_status":"closed","template":"","meta":[],"product_brand":[],"product_cat":[776,509],"product_tag":[],"class_list":{"0":"post-14795","1":"product","2":"type-product","3":"status-publish","4":"has-post-thumbnail","6":"product_cat-destaque","7":"product_cat-medicina","9":"first","10":"instock","11":"shipping-taxable","12":"purchasable","13":"product-type-simple"},"_links":{"self":[{"href":"https:\/\/www.brmedal.com.br\/index.php?rest_route=\/wp\/v2\/product\/14795","targetHints":{"allow":["GET"]}}],"collection":[{"href":"https:\/\/www.brmedal.com.br\/index.php?rest_route=\/wp\/v2\/product"}],"about":[{"href":"https:\/\/www.brmedal.com.br\/index.php?rest_route=\/wp\/v2\/types\/product"}],"replies":[{"embeddable":true,"href":"https:\/\/www.brmedal.com.br\/index.php?rest_route=%2Fwp%2Fv2%2Fcomments&post=14795"}],"wp:featuredmedia":[{"embeddable":true,"href":"https:\/\/www.brmedal.com.br\/index.php?rest_route=\/wp\/v2\/media\/14796"}],"wp:attachment":[{"href":"https:\/\/www.brmedal.com.br\/index.php?rest_route=%2Fwp%2Fv2%2Fmedia&parent=14795"}],"wp:term":[{"taxonomy":"product_brand","embeddable":true,"href":"https:\/\/www.brmedal.com.br\/index.php?rest_route=%2Fwp%2Fv2%2Fproduct_brand&post=14795"},{"taxonomy":"product_cat","embeddable":true,"href":"https:\/\/www.brmedal.com.br\/index.php?rest_route=%2Fwp%2Fv2%2Fproduct_cat&post=14795"},{"taxonomy":"product_tag","embeddable":true,"href":"https:\/\/www.brmedal.com.br\/index.php?rest_route=%2Fwp%2Fv2%2Fproduct_tag&post=14795"}],"curies":[{"name":"wp","href":"https:\/\/api.w.org\/{rel}","templated":true}]}}