{"id":14993,"date":"2024-07-01T18:19:07","date_gmt":"2024-07-01T21:19:07","guid":{"rendered":"https:\/\/www.brmedal.com.br\/?post_type=product&#038;p=14993"},"modified":"2025-08-14T15:09:09","modified_gmt":"2025-08-14T18:09:09","slug":"conjunto-brim-uniforme-profissional","status":"publish","type":"product","link":"https:\/\/www.brmedal.com.br\/?product=conjunto-brim-uniforme-profissional","title":{"rendered":"Conjunto Uniforme Profissional em Brim"},"content":{"rendered":"<p>Blusa com gola italiana, com mangas curtas.<\/p>\n<p>Bolso superior na blusa<\/p>\n<p>Cal\u00e7a com dois bolsos frontais, um bolso traseiro e c\u00f3s com el\u00e1stico.<\/p>\n","protected":false},"excerpt":{"rendered":"<p>Confeccionado em brim profissional, de excelente qualidade e alta resist\u00eancia.<\/p>\n<p>Tecido 100% algod\u00e3o \u2013 maior suavidade e conforto t\u00e9rmico<\/p>\n<p>Com tingimento Idantrene, resistente a lavagem industrial.<\/p>\n<p>Ideal para constru\u00e7\u00e3o civil, ind\u00fastrias, oficinas, auto postos, servi\u00e7os gerais, trabalho no campo, etc.<\/p>\n<p>Cores: verde, cinza e azul royal. Outras cores, sob consulta.<\/p>\n<p><strong>Personalizamos sob encomenda.\u00a0<\/strong><\/p>\n<p><strong>FRETE GR\u00c1TIS REGI\u00c3O SUL E SUDESTE. DEMAIS REGI\u00d5ES CONSULTE DESCONTOS!<\/strong><\/p>\n<p><strong>CONDI\u00c7\u00d5ES ESPECIAIS PARA HOSPITAIS, CL\u00cdNICAS E REVENDAS!<\/strong><\/p>\n<p><strong>CLIENTES SATISFEITOS:<\/strong><\/p>\n<p><img loading=\"lazy\" decoding=\"async\" class=\"alignnone size-full wp-image-15129\" src=\"https:\/\/www.brmedal.com.br\/wp-content\/uploads\/2024\/09\/cliente-nel-3.jpg\" alt=\"\" width=\"150\" height=\"75\" \/> <img loading=\"lazy\" decoding=\"async\" class=\"alignnone size-full wp-image-15126\" src=\"https:\/\/www.brmedal.com.br\/wp-content\/uploads\/2024\/09\/cliente-nel-2.jpg\" alt=\"\" width=\"150\" height=\"75\" \/> <img loading=\"lazy\" decoding=\"async\" class=\"alignnone size-full wp-image-15123\" src=\"https:\/\/www.brmedal.com.br\/wp-content\/uploads\/2024\/09\/cliente-nel-1.jpg\" alt=\"\" width=\"150\" height=\"75\" \/> <img loading=\"lazy\" decoding=\"async\" class=\"alignnone size-full wp-image-15132\" src=\"https:\/\/www.brmedal.com.br\/wp-content\/uploads\/2024\/09\/cliente-nel-4.jpg\" alt=\"\" width=\"150\" height=\"75\" \/> <img loading=\"lazy\" decoding=\"async\" class=\"alignnone size-full wp-image-15147\" src=\"https:\/\/www.brmedal.com.br\/wp-content\/uploads\/2024\/09\/cliente-nel-9.jpg\" alt=\"\" width=\"150\" height=\"75\" \/> <img loading=\"lazy\" decoding=\"async\" class=\"alignnone size-full wp-image-15144\" src=\"https:\/\/www.brmedal.com.br\/wp-content\/uploads\/2024\/09\/cliente-nel-8.jpg\" alt=\"\" width=\"150\" height=\"75\" \/> <img loading=\"lazy\" decoding=\"async\" class=\"alignnone size-medium wp-image-15141\" src=\"https:\/\/www.brmedal.com.br\/wp-content\/uploads\/2024\/09\/cliente-nel-7.jpg\" alt=\"\" width=\"150\" height=\"75\" \/> <img loading=\"lazy\" decoding=\"async\" class=\"alignnone size-medium wp-image-15138\" src=\"https:\/\/www.brmedal.com.br\/wp-content\/uploads\/2024\/09\/cliente-nel-6.jpg\" alt=\"\" width=\"150\" height=\"75\" \/> <img loading=\"lazy\" decoding=\"async\" class=\"alignnone size-medium wp-image-15135\" src=\"https:\/\/www.brmedal.com.br\/wp-content\/uploads\/2024\/09\/cliente-nel-5.jpg\" alt=\"\" width=\"150\" height=\"75\" \/><\/p>\n","protected":false},"featured_media":14994,"comment_status":"open","ping_status":"closed","template":"","meta":[],"product_brand":[],"product_cat":[776,508,571],"product_tag":[],"class_list":{"0":"post-14993","1":"product","2":"type-product","3":"status-publish","4":"has-post-thumbnail","6":"product_cat-destaque","7":"product_cat-inicio","8":"product_cat-rouparia","9":"pa_roupaprofissional-azulroyal","10":"pa_roupaprofissional-cinza","11":"pa_roupaprofissional-verde","12":"pa_taamanhos-aventais-p-ao-eg-eg","13":"pa_taamanhos-aventais-p-ao-eg-g","14":"pa_taamanhos-aventais-p-ao-eg-gg","15":"pa_taamanhos-aventais-p-ao-eg-m","16":"pa_taamanhos-aventais-p-ao-eg-p","18":"first","19":"instock","20":"shipping-taxable","21":"purchasable","22":"product-type-variable"},"_links":{"self":[{"href":"https:\/\/www.brmedal.com.br\/index.php?rest_route=\/wp\/v2\/product\/14993","targetHints":{"allow":["GET"]}}],"collection":[{"href":"https:\/\/www.brmedal.com.br\/index.php?rest_route=\/wp\/v2\/product"}],"about":[{"href":"https:\/\/www.brmedal.com.br\/index.php?rest_route=\/wp\/v2\/types\/product"}],"replies":[{"embeddable":true,"href":"https:\/\/www.brmedal.com.br\/index.php?rest_route=%2Fwp%2Fv2%2Fcomments&post=14993"}],"wp:featuredmedia":[{"embeddable":true,"href":"https:\/\/www.brmedal.com.br\/index.php?rest_route=\/wp\/v2\/media\/14994"}],"wp:attachment":[{"href":"https:\/\/www.brmedal.com.br\/index.php?rest_route=%2Fwp%2Fv2%2Fmedia&parent=14993"}],"wp:term":[{"taxonomy":"product_brand","embeddable":true,"href":"https:\/\/www.brmedal.com.br\/index.php?rest_route=%2Fwp%2Fv2%2Fproduct_brand&post=14993"},{"taxonomy":"product_cat","embeddable":true,"href":"https:\/\/www.brmedal.com.br\/index.php?rest_route=%2Fwp%2Fv2%2Fproduct_cat&post=14993"},{"taxonomy":"product_tag","embeddable":true,"href":"https:\/\/www.brmedal.com.br\/index.php?rest_route=%2Fwp%2Fv2%2Fproduct_tag&post=14993"}],"curies":[{"name":"wp","href":"https:\/\/api.w.org\/{rel}","templated":true}]}}