{"id":1918,"date":"2017-11-14T11:42:21","date_gmt":"2017-11-14T14:42:21","guid":{"rendered":"https:\/\/www.brmedal.com.br\/product\/caixa-para-desgaste-com-exaustor-incluso\/"},"modified":"2022-11-10T16:23:31","modified_gmt":"2022-11-10T19:23:31","slug":"caixa-para-desgaste-com-exaustor-incluso","status":"publish","type":"product","link":"https:\/\/www.brmedal.com.br\/?product=caixa-para-desgaste-com-exaustor-incluso","title":{"rendered":"Caixa para Desgaste com Exaustor Incluso"},"content":{"rendered":"","protected":false},"excerpt":{"rendered":"<p>&#8211; Carenagem PSAI<\/p>\n<p>&#8211; Com ilumina\u00e7\u00e3o<\/p>\n<p>&#8211; Sistema de aspira\u00e7\u00e3o com exaustor<\/p>\n<p>&#8211; Prote\u00e7\u00e3o das vias respirat\u00f3rias e olhos<\/p>\n<p>&#8211; Apoio de bra\u00e7o<\/p>\n<p>&#8211; Lupa (opcional)<\/p>\n<p>&#8211; Dispon\u00edvel em 110 ou 220 V<\/p>\n<p>&#8211; Dimens\u00f5es: 360 x 250 x 260 mm<\/p>\n","protected":false},"featured_media":1917,"comment_status":"open","ping_status":"closed","template":"","meta":[],"product_brand":[],"product_cat":[546],"product_tag":[],"class_list":{"0":"post-1918","1":"product","2":"type-product","3":"status-publish","4":"has-post-thumbnail","6":"product_cat-equipamentos-odontologia","8":"first","9":"onbackorder","10":"shipping-taxable","11":"purchasable","12":"product-type-simple"},"_links":{"self":[{"href":"https:\/\/www.brmedal.com.br\/index.php?rest_route=\/wp\/v2\/product\/1918","targetHints":{"allow":["GET"]}}],"collection":[{"href":"https:\/\/www.brmedal.com.br\/index.php?rest_route=\/wp\/v2\/product"}],"about":[{"href":"https:\/\/www.brmedal.com.br\/index.php?rest_route=\/wp\/v2\/types\/product"}],"replies":[{"embeddable":true,"href":"https:\/\/www.brmedal.com.br\/index.php?rest_route=%2Fwp%2Fv2%2Fcomments&post=1918"}],"wp:featuredmedia":[{"embeddable":true,"href":"https:\/\/www.brmedal.com.br\/index.php?rest_route=\/wp\/v2\/media\/1917"}],"wp:attachment":[{"href":"https:\/\/www.brmedal.com.br\/index.php?rest_route=%2Fwp%2Fv2%2Fmedia&parent=1918"}],"wp:term":[{"taxonomy":"product_brand","embeddable":true,"href":"https:\/\/www.brmedal.com.br\/index.php?rest_route=%2Fwp%2Fv2%2Fproduct_brand&post=1918"},{"taxonomy":"product_cat","embeddable":true,"href":"https:\/\/www.brmedal.com.br\/index.php?rest_route=%2Fwp%2Fv2%2Fproduct_cat&post=1918"},{"taxonomy":"product_tag","embeddable":true,"href":"https:\/\/www.brmedal.com.br\/index.php?rest_route=%2Fwp%2Fv2%2Fproduct_tag&post=1918"}],"curies":[{"name":"wp","href":"https:\/\/api.w.org\/{rel}","templated":true}]}}