{"id":2215,"date":"2018-05-25T09:31:40","date_gmt":"2018-05-25T12:31:40","guid":{"rendered":"https:\/\/www.brmedal.com.br\/product\/mascara-descartavel-tripla-c-elastico\/"},"modified":"2022-11-10T14:25:32","modified_gmt":"2022-11-10T17:25:32","slug":"mascara-descartavel-tripla-c-elastico","status":"publish","type":"product","link":"https:\/\/www.brmedal.com.br\/?product=mascara-descartavel-tripla-c-elastico","title":{"rendered":"M\u00e1scara Descart\u00e1vel Tripla c\/ El\u00e1stico"},"content":{"rendered":"<p>Registrado no Minist\u00e9rio da Sa\u00fade \/ ANVISA: 80404440006.<\/p>\n<p>Caixa com 50 unidades<\/p>\n<div id=\"njcdgcofcbnlbpkpdhmlmiblaglnkpnj\"><\/div>\n<div><\/div>\n<div><\/div>\n<div><\/div>\n<div><\/div>\n<div><\/div>\n<div><\/div>\n<div><\/div>\n<div><\/div>\n<div><\/div>\n<div><\/div>\n<div><\/div>\n<div><\/div>\n<div><\/div>\n<div><\/div>\n<div><\/div>\n","protected":false},"excerpt":{"rendered":"<p>Filtra\u00e7\u00e3o Bacteriana: 99,92%<\/p>\n<p>Registro no Minist\u00e9rio da Sa\u00fade \/ ANVISA 80404440006<\/p>\n<p>Fabricado com n\u00e3o tecido 100% Polipropileno (TNT) de cor branca.<\/p>\n<p>Duas camadas externas de N\u00e3o-Tecido 100% Polipropileno com gramatura de 20g\/m2 cada;<\/p>\n<p>Uma camada de filtro de reten\u00e7\u00e3o bacteriana Meltblown 20g\/m2;<\/p>\n<p>Clipe para ajuste nasal.<\/p>\n<p><b>Caixa com 50 unidades<\/b><\/p>\n<div id=\"njcdgcofcbnlbpkpdhmlmiblaglnkpnj\"><\/div>\n<div><\/div>\n<div><\/div>\n<div><\/div>\n<div><\/div>\n<div><\/div>\n<div><\/div>\n<div><\/div>\n<div><\/div>\n<div><\/div>\n<div><\/div>\n<div><\/div>\n<div><\/div>\n<div><\/div>\n","protected":false},"featured_media":2214,"comment_status":"open","ping_status":"closed","template":"","meta":[],"product_brand":[],"product_cat":[508,571],"product_tag":[],"class_list":{"0":"post-2215","1":"product","2":"type-product","3":"status-publish","4":"has-post-thumbnail","6":"product_cat-inicio","7":"product_cat-rouparia","9":"first","10":"onbackorder","11":"shipping-taxable","12":"purchasable","13":"product-type-simple"},"_links":{"self":[{"href":"https:\/\/www.brmedal.com.br\/index.php?rest_route=\/wp\/v2\/product\/2215","targetHints":{"allow":["GET"]}}],"collection":[{"href":"https:\/\/www.brmedal.com.br\/index.php?rest_route=\/wp\/v2\/product"}],"about":[{"href":"https:\/\/www.brmedal.com.br\/index.php?rest_route=\/wp\/v2\/types\/product"}],"replies":[{"embeddable":true,"href":"https:\/\/www.brmedal.com.br\/index.php?rest_route=%2Fwp%2Fv2%2Fcomments&post=2215"}],"wp:featuredmedia":[{"embeddable":true,"href":"https:\/\/www.brmedal.com.br\/index.php?rest_route=\/wp\/v2\/media\/2214"}],"wp:attachment":[{"href":"https:\/\/www.brmedal.com.br\/index.php?rest_route=%2Fwp%2Fv2%2Fmedia&parent=2215"}],"wp:term":[{"taxonomy":"product_brand","embeddable":true,"href":"https:\/\/www.brmedal.com.br\/index.php?rest_route=%2Fwp%2Fv2%2Fproduct_brand&post=2215"},{"taxonomy":"product_cat","embeddable":true,"href":"https:\/\/www.brmedal.com.br\/index.php?rest_route=%2Fwp%2Fv2%2Fproduct_cat&post=2215"},{"taxonomy":"product_tag","embeddable":true,"href":"https:\/\/www.brmedal.com.br\/index.php?rest_route=%2Fwp%2Fv2%2Fproduct_tag&post=2215"}],"curies":[{"name":"wp","href":"https:\/\/api.w.org\/{rel}","templated":true}]}}