{"id":2257,"date":"2018-06-06T13:04:00","date_gmt":"2018-06-06T16:04:00","guid":{"rendered":"https:\/\/www.brmedal.com.br\/product\/fotopolimerizador-altlux-digital\/"},"modified":"2022-11-10T14:08:09","modified_gmt":"2022-11-10T17:08:09","slug":"fotopolimerizador-altlux-digital","status":"publish","type":"product","link":"https:\/\/www.brmedal.com.br\/?product=fotopolimerizador-altlux-digital","title":{"rendered":"Fotopolimerizador Altlux Digital"},"content":{"rendered":"<p><strong>Fotopolimerizador<\/strong><\/p>\n<p>O fundamento da tecnologia se baseia em uma fonte geradora de luz atrav\u00e9s de LED (diodo emissor de luz), sendo esta fonte controlada por um circuito eletr\u00f4nico.<\/p>\n<p>Dispensa uso de filtros, pois a luz \u00e9 fria e emitida no espectro apropriado, compreendido na faixa de 470nm (luz azul), ideal para integrar-se com a canforoquinona.<\/p>\n<p><strong>DESCRI\u00c7\u00c3O<\/strong><\/p>\n<p>Controle de opera\u00e7\u00e3o na pr\u00f3pria caneta;<\/p>\n<p>Dispositivo sonoro que atua com bip informando in\u00edcio, t\u00e9rmino e cada 05s ou 10s do tempo programado;<\/p>\n<p>Timer com display program\u00e1vel de 20, 40 e 60 segundos;<\/p>\n<p>Interrup\u00e7\u00e3o da opera\u00e7\u00e3o em qualquer momento independentemente da programa\u00e7\u00e3o.<\/p>\n<p>Condutor de luz remov\u00edvel (ponteira curva padr\u00e3o) confeccionado em pol\u00edmero de alta resist\u00eancia e f\u00e1cil manuten\u00e7\u00e3o.<\/p>\n<p>Protetor ocular girat\u00f3rio em acr\u00edlico com filtro UV pode ser posicionado de forma a obstruir o reflexo de luz em qualquer que seja a arcada, quadrante, dente ou face dental;<\/p>\n<p>Suporte da pe\u00e7a de m\u00e3o em acr\u00edlico;<\/p>\n<p>Corpo da caneta constru\u00eddo em alum\u00ednio anodizado;<\/p>\n<p>Gabinete confeccionado em pl\u00e1stico resistente;<\/p>\n<p>Fonte de alimenta\u00e7\u00e3o chaveada;<\/p>\n<p><strong>VANTAGENS<\/strong><\/p>\n<p>Luz espectralmente mais seletiva que l\u00e2mpadas convencionais;<\/p>\n<p>Luz fria, n\u00e3o aquece a resina e o dente;<\/p>\n<p>Equipamentos compactos e leves que proporcionam conforto no manuseio;<\/p>\n<p>Baixo consumo de energia;<\/p>\n<p>Maior tempo de vida \u00fatil do elemento emissor de luz;<\/p>\n<p>N\u00e3o utilizam filtro \u00f3ptico;<\/p>\n<p>N\u00e3o necessitam sistema de ventila\u00e7\u00e3o for\u00e7ada;<\/p>\n","protected":false},"excerpt":{"rendered":"<p>O fundamento da tecnologia se baseia em uma fonte geradora de luz atrav\u00e9s de LED (diodo emissor de luz), sendo esta fonte controlada por um circuito eletr\u00f4nico.<\/p>\n","protected":false},"featured_media":2253,"comment_status":"open","ping_status":"closed","template":"","meta":[],"product_brand":[],"product_cat":[511,508],"product_tag":[],"class_list":{"0":"post-2257","1":"product","2":"type-product","3":"status-publish","4":"has-post-thumbnail","6":"product_cat-equipamentos","7":"product_cat-inicio","9":"first","10":"onbackorder","11":"shipping-taxable","12":"purchasable","13":"product-type-simple"},"_links":{"self":[{"href":"https:\/\/www.brmedal.com.br\/index.php?rest_route=\/wp\/v2\/product\/2257","targetHints":{"allow":["GET"]}}],"collection":[{"href":"https:\/\/www.brmedal.com.br\/index.php?rest_route=\/wp\/v2\/product"}],"about":[{"href":"https:\/\/www.brmedal.com.br\/index.php?rest_route=\/wp\/v2\/types\/product"}],"replies":[{"embeddable":true,"href":"https:\/\/www.brmedal.com.br\/index.php?rest_route=%2Fwp%2Fv2%2Fcomments&post=2257"}],"wp:featuredmedia":[{"embeddable":true,"href":"https:\/\/www.brmedal.com.br\/index.php?rest_route=\/wp\/v2\/media\/2253"}],"wp:attachment":[{"href":"https:\/\/www.brmedal.com.br\/index.php?rest_route=%2Fwp%2Fv2%2Fmedia&parent=2257"}],"wp:term":[{"taxonomy":"product_brand","embeddable":true,"href":"https:\/\/www.brmedal.com.br\/index.php?rest_route=%2Fwp%2Fv2%2Fproduct_brand&post=2257"},{"taxonomy":"product_cat","embeddable":true,"href":"https:\/\/www.brmedal.com.br\/index.php?rest_route=%2Fwp%2Fv2%2Fproduct_cat&post=2257"},{"taxonomy":"product_tag","embeddable":true,"href":"https:\/\/www.brmedal.com.br\/index.php?rest_route=%2Fwp%2Fv2%2Fproduct_tag&post=2257"}],"curies":[{"name":"wp","href":"https:\/\/api.w.org\/{rel}","templated":true}]}}