{"id":2301,"date":"2018-06-07T09:05:10","date_gmt":"2018-06-07T12:05:10","guid":{"rendered":"https:\/\/www.brmedal.com.br\/product\/delineador-b2\/"},"modified":"2022-11-10T12:28:38","modified_gmt":"2022-11-10T15:28:38","slug":"delineador-b2","status":"publish","type":"product","link":"https:\/\/www.brmedal.com.br\/?product=delineador-b2","title":{"rendered":"Delineador B2 Paralel\u00f4metro"},"content":{"rendered":"<p>Para planejamento prot\u00e9tico aliado a praticidade, precis\u00e3o e qualidade.<\/p>\n<p>Eixo de inser\u00e7\u00e3o e\/ou grau de reten\u00e7\u00e3o para PPR;<\/p>\n<p>An\u00e1lise de paralelismo entre pilares para PPF e\/ou pr\u00f3tese conjugada;<\/p>\n<p>Confec\u00e7\u00e3o de guia de refer\u00eancia entre outros;<\/p>\n<p>Confeccionado em estrutura met\u00e1lica (garante alta precis\u00e3o dos estudos);<\/p>\n<p>Possui adesivo de policarbonato na superf\u00edcie da base (melhora as condi\u00e7\u00f5es para deslizamento da mesa porta-modelos);<\/p>\n<p>Dimens\u00f5es: (CxLxH) 31,5x 23,0 x 20,5 cm;<\/p>\n<p>Peso: 2,4Kg.<\/p>\n","protected":false},"excerpt":{"rendered":"<p>Para planejamento prot\u00e9tico aliado a praticidade, precis\u00e3o e qualidade.<\/p>\n","protected":false},"featured_media":2300,"comment_status":"open","ping_status":"closed","template":"","meta":[],"product_brand":[],"product_cat":[511],"product_tag":[],"class_list":{"0":"post-2301","1":"product","2":"type-product","3":"status-publish","4":"has-post-thumbnail","6":"product_cat-equipamentos","8":"first","9":"onbackorder","10":"shipping-taxable","11":"purchasable","12":"product-type-simple"},"_links":{"self":[{"href":"https:\/\/www.brmedal.com.br\/index.php?rest_route=\/wp\/v2\/product\/2301","targetHints":{"allow":["GET"]}}],"collection":[{"href":"https:\/\/www.brmedal.com.br\/index.php?rest_route=\/wp\/v2\/product"}],"about":[{"href":"https:\/\/www.brmedal.com.br\/index.php?rest_route=\/wp\/v2\/types\/product"}],"replies":[{"embeddable":true,"href":"https:\/\/www.brmedal.com.br\/index.php?rest_route=%2Fwp%2Fv2%2Fcomments&post=2301"}],"wp:featuredmedia":[{"embeddable":true,"href":"https:\/\/www.brmedal.com.br\/index.php?rest_route=\/wp\/v2\/media\/2300"}],"wp:attachment":[{"href":"https:\/\/www.brmedal.com.br\/index.php?rest_route=%2Fwp%2Fv2%2Fmedia&parent=2301"}],"wp:term":[{"taxonomy":"product_brand","embeddable":true,"href":"https:\/\/www.brmedal.com.br\/index.php?rest_route=%2Fwp%2Fv2%2Fproduct_brand&post=2301"},{"taxonomy":"product_cat","embeddable":true,"href":"https:\/\/www.brmedal.com.br\/index.php?rest_route=%2Fwp%2Fv2%2Fproduct_cat&post=2301"},{"taxonomy":"product_tag","embeddable":true,"href":"https:\/\/www.brmedal.com.br\/index.php?rest_route=%2Fwp%2Fv2%2Fproduct_tag&post=2301"}],"curies":[{"name":"wp","href":"https:\/\/api.w.org\/{rel}","templated":true}]}}