{"id":2387,"date":"2018-06-07T12:06:56","date_gmt":"2018-06-07T15:06:56","guid":{"rendered":"https:\/\/www.brmedal.com.br\/product\/f-1700-sinter\/"},"modified":"2023-09-28T15:41:42","modified_gmt":"2023-09-28T18:41:42","slug":"f-1700-sinter","status":"publish","type":"product","link":"https:\/\/www.brmedal.com.br\/?product=f-1700-sinter","title":{"rendered":"Forno para sinteriza\u00e7\u00e3o 1700 SINTER"},"content":{"rendered":"<p>A alimenta\u00e7\u00e3o vertical pela face inferior \u00e9 a forma mais correta em termos energ\u00e9ticos, distribui\u00e7\u00e3o de temperaturas e efici\u00eancia t\u00e9rmica.<\/p>\n<p>Altas velocidade de aquecimento e resfriamento s\u00e3o caracter\u00edsticas necess\u00e1rias para os processos de sinteriza\u00e7\u00f5es r\u00e1pidas.<\/p>\n<p>Abertura da c\u00e2mara a temperaturas mais altas sem risco de choque t\u00e9rmico.<\/p>\n<p>Mem\u00f3ria para um n\u00famero praticamente ilimitado de programas livres.<\/p>\n<p>Cada programa \u00e9 constitu\u00eddo de 4 temperaturas, 4 velocidades de aquecimento \/ resfriamento e 4 patamares de tempo.<\/p>\n<p>Sistemas de pr\u00e9-aquecimento, pr\u00e9-queima e economizador de energia.<\/p>\n<p>Abertura e fechamento da mufla autom\u00e1tica e program\u00e1vel.<\/p>\n<p>NO break previne falhas de energia.<\/p>\n<p>Prote\u00e7\u00e3o total contra erros de programa\u00e7\u00e3o.<\/p>\n<p>Capacidade para aproximadamente 20 a 25 elementos por ciclo.<\/p>\n<p>&nbsp;<\/p>\n","protected":false},"excerpt":{"rendered":"<p><strong>O 1700 Sinter \u00e9 um forno para sinteriza\u00e7\u00e3o dos mais recentes materiais a base de zirc\u00f3nia, zirc\u00f3nia transl\u00facida e ou alumina at\u00e9 temperaturas de 1 .700\u00baC.<\/strong><\/p>\n<p>ALTAS VELOCIDADES DE AQUECIMENTO E RESFRIAMENTO.<\/p>\n<p>A alimenta\u00e7\u00e3o vertical pela face inferior \u00e9 a forma mais correta em termos energ\u00e9ticos, distribui\u00e7\u00e3o de temperaturas e efici\u00eancia t\u00e9rmica.<\/p>\n<p><strong>EM AT\u00c9 6X SEM JUROS! CHAME AGORA!<\/strong><\/p>\n<p><strong>FRETE GR\u00c1TIS &#8211; SP, PR, SC, RS, MG, RJ.<\/strong><\/p>\n<p><strong>Demais Estados pre\u00e7os e frete especial. Consulte-nos!<\/strong><\/p>\n<p><strong>Prazo de Entrega: 20 dias\u00a0<\/strong><\/p>\n","protected":false},"featured_media":2386,"comment_status":"open","ping_status":"closed","template":"","meta":[],"product_brand":[],"product_cat":[776,511],"product_tag":[],"class_list":{"0":"post-2387","1":"product","2":"type-product","3":"status-publish","4":"has-post-thumbnail","6":"product_cat-destaque","7":"product_cat-equipamentos","9":"first","10":"instock","11":"shipping-taxable","12":"purchasable","13":"product-type-simple"},"_links":{"self":[{"href":"https:\/\/www.brmedal.com.br\/index.php?rest_route=\/wp\/v2\/product\/2387","targetHints":{"allow":["GET"]}}],"collection":[{"href":"https:\/\/www.brmedal.com.br\/index.php?rest_route=\/wp\/v2\/product"}],"about":[{"href":"https:\/\/www.brmedal.com.br\/index.php?rest_route=\/wp\/v2\/types\/product"}],"replies":[{"embeddable":true,"href":"https:\/\/www.brmedal.com.br\/index.php?rest_route=%2Fwp%2Fv2%2Fcomments&post=2387"}],"wp:featuredmedia":[{"embeddable":true,"href":"https:\/\/www.brmedal.com.br\/index.php?rest_route=\/wp\/v2\/media\/2386"}],"wp:attachment":[{"href":"https:\/\/www.brmedal.com.br\/index.php?rest_route=%2Fwp%2Fv2%2Fmedia&parent=2387"}],"wp:term":[{"taxonomy":"product_brand","embeddable":true,"href":"https:\/\/www.brmedal.com.br\/index.php?rest_route=%2Fwp%2Fv2%2Fproduct_brand&post=2387"},{"taxonomy":"product_cat","embeddable":true,"href":"https:\/\/www.brmedal.com.br\/index.php?rest_route=%2Fwp%2Fv2%2Fproduct_cat&post=2387"},{"taxonomy":"product_tag","embeddable":true,"href":"https:\/\/www.brmedal.com.br\/index.php?rest_route=%2Fwp%2Fv2%2Fproduct_tag&post=2387"}],"curies":[{"name":"wp","href":"https:\/\/api.w.org\/{rel}","templated":true}]}}