{"id":2399,"date":"2018-06-07T12:35:54","date_gmt":"2018-06-07T15:35:54","guid":{"rendered":"https:\/\/www.brmedal.com.br\/product\/ipress-innovation\/"},"modified":"2023-09-29T13:58:45","modified_gmt":"2023-09-29T16:58:45","slug":"ipress-innovation","status":"publish","type":"product","link":"https:\/\/www.brmedal.com.br\/?product=ipress-innovation","title":{"rendered":"Forno para Cer\u00e2mica Prensada e Metalocer\u00e2mica IPress 2 EDG"},"content":{"rendered":"<p>* Mufla de quartzo.<br \/>\n* Display de cristal l\u00edquido.<br \/>\n* Banco de dados com grande capacidade de mem\u00f3ria\/armazenamento.<br \/>\n* Quatro patamares de queima.<br \/>\n* Indica\u00e7\u00e3o digital de informa\u00e7\u00f5es.<br \/>\n* \u00d3timo isolamento t\u00e9rmico.<br \/>\n* Sistema de elevador com amortecimento din\u00e2mico.<br \/>\n* Alta resist\u00eancia.<br \/>\n* Limitador de temperatura m\u00e1xima.<br \/>\n* R\u00e1pido resfriamento.<br \/>\n* Controle de pot\u00eancia tyristorizado.<br \/>\n* O I PRESS innovation n\u00e3o utiliza ar comprimido.<br \/>\n* Programa\u00e7\u00e3o de fun\u00e7\u00f5es especiais.<br \/>\n* Fun\u00e7\u00e3o auto start e pr\u00e9-queima.<br \/>\n* Sistema de autolimpeza.<br \/>\n* Oferece maior flexibilidade para a escolha de pastilhas de diversos fabricantes.<br \/>\n* Garantia: 12 meses pelo fabricante contra defeitos de fabrica\u00e7\u00e3o.<\/p>\n<p><strong>Informa\u00e7\u00f5es T\u00e9cnicas<\/strong><br \/>\n* Temperaturas de trabalho de ambiente a 1.180\u00b0C.<br \/>\n* Limitador de temperatura m\u00e1xima, sa\u00edda por alarme a 1.200\u00b0C.<br \/>\n* Temperatura m\u00e9dia da face fria no m\u00e1ximo 20\u00b0C acima da temperatura ambiente.<br \/>\n* Velocidade de aquecimento linear de 1 a 120\u00b0C\/minuto.<br \/>\n* Tempo de queima, prensagem e v\u00e1cuo da cer\u00e2mica de 0 a 30 minutos.<br \/>\n* Altura aproximada: 570mm.<br \/>\n* Largura aproximada: 340mm.<br \/>\n* Profundidade aproximada: 460mm.<br \/>\n* Tens\u00e3o de entrada: 110V\/220V atrav\u00e9s da chave seletora.<\/p>\n","protected":false},"excerpt":{"rendered":"<p>EDG\u00a0<strong>iPress 2\u00ae<\/strong> \u00e9 um forno para a queima a v\u00e1cuo e cer\u00e2micas e inje\u00e7\u00e3o de cer\u00e2micas prensadas.<\/p>\n<p>Projetado para identificar automaticamente o tipo de pastilha, sua temperatura ideal de prensagem e a for\u00e7a de inje\u00e7\u00e3o necess\u00e1ria para um \u00f3timo resultado.<\/p>\n<p>Promove maior rentabilidade\/lucro, e tamb\u00e9m oferece facilidade no uso se seus recursos.<\/p>\n<p>Redu\u00e7\u00e3o de trabalho, reaproveitamento dos insumos e condi\u00e7\u00f5es para gerar resultados de alta qualidade.<\/p>\n<p>Economia de tempo e versatilidade das opera\u00e7\u00f5es<\/p>\n<p><strong>EM AT\u00c9 6X SEM JUROS! CHAME AGORA!<\/strong><\/p>\n<p><strong>FRETE GR\u00c1TIS &#8211; SP, PR, SC, RS, MG, RJ.<\/strong><\/p>\n<p><strong>Demais Estados pre\u00e7os e frete especial. Consulte-nos!<\/strong><\/p>\n<p><strong>Prazo de Entrega: 10 dias\u00a0<\/strong><\/p>\n","protected":false},"featured_media":14664,"comment_status":"open","ping_status":"closed","template":"","meta":[],"product_brand":[],"product_cat":[511],"product_tag":[],"class_list":{"0":"post-2399","1":"product","2":"type-product","3":"status-publish","4":"has-post-thumbnail","6":"product_cat-equipamentos","8":"first","9":"instock","10":"shipping-taxable","11":"purchasable","12":"product-type-simple"},"_links":{"self":[{"href":"https:\/\/www.brmedal.com.br\/index.php?rest_route=\/wp\/v2\/product\/2399","targetHints":{"allow":["GET"]}}],"collection":[{"href":"https:\/\/www.brmedal.com.br\/index.php?rest_route=\/wp\/v2\/product"}],"about":[{"href":"https:\/\/www.brmedal.com.br\/index.php?rest_route=\/wp\/v2\/types\/product"}],"replies":[{"embeddable":true,"href":"https:\/\/www.brmedal.com.br\/index.php?rest_route=%2Fwp%2Fv2%2Fcomments&post=2399"}],"wp:featuredmedia":[{"embeddable":true,"href":"https:\/\/www.brmedal.com.br\/index.php?rest_route=\/wp\/v2\/media\/14664"}],"wp:attachment":[{"href":"https:\/\/www.brmedal.com.br\/index.php?rest_route=%2Fwp%2Fv2%2Fmedia&parent=2399"}],"wp:term":[{"taxonomy":"product_brand","embeddable":true,"href":"https:\/\/www.brmedal.com.br\/index.php?rest_route=%2Fwp%2Fv2%2Fproduct_brand&post=2399"},{"taxonomy":"product_cat","embeddable":true,"href":"https:\/\/www.brmedal.com.br\/index.php?rest_route=%2Fwp%2Fv2%2Fproduct_cat&post=2399"},{"taxonomy":"product_tag","embeddable":true,"href":"https:\/\/www.brmedal.com.br\/index.php?rest_route=%2Fwp%2Fv2%2Fproduct_tag&post=2399"}],"curies":[{"name":"wp","href":"https:\/\/api.w.org\/{rel}","templated":true}]}}