{"id":2902,"date":"2018-06-13T09:41:56","date_gmt":"2018-06-13T12:41:56","guid":{"rendered":"https:\/\/www.brmedal.com.br\/product\/hidroxido-de-calcio-pa\/"},"modified":"2022-11-09T16:54:22","modified_gmt":"2022-11-09T19:54:22","slug":"hidroxido-de-calcio-pa","status":"publish","type":"product","link":"https:\/\/www.brmedal.com.br\/?product=hidroxido-de-calcio-pa","title":{"rendered":"Hidr\u00f3xido de C\u00e1lcio P.A."},"content":{"rendered":"<p>Capeador Pulpar<\/p>\n<p>HIDR\u00d3XIDO DE C\u00c1LCIO \u00e9 um dos materiais mais aceitos atualmente para induzir a forma\u00e7\u00e3o da dentina reparadora, apresentando propriedades imprescind\u00edveis para materiais que atuam em procedimentos\u00a0 sobre a dentina. Estas propriedades s\u00e3o:<\/p>\n<p>a) Permitir um aumento da calcifica\u00e7\u00e3o da camada de dentina preexistente dando melhores condi\u00e7\u00f5es de prote\u00e7\u00e3o \u00e0 polpa quando submetida a les\u00f5es;<\/p>\n<p>b) Evitar que o procedimento ou material usado cause irrita\u00e7\u00e3o \u00e0s estruturas adjacentes.<\/p>\n<p>Na Endodontia \u00e9 empregado como material intracanal, sendo potente antimicrobiano (pela inibi\u00e7\u00e3o das enzimas bacterianas), possuindo excelente histocompatibilidade e estimula o tecido hospedeiro, favorecendo a repara\u00e7\u00e3o tecidual (pela ativa\u00e7\u00e3o enzim\u00e1tica tecidual, gerando efeito mineralizador).<\/p>\n","protected":false},"excerpt":{"rendered":"<p>Capeador Pulpar<\/p>\n<p>HIDR\u00d3XIDO DE C\u00c1LCIO \u00e9 um dos materiais mais aceitos atualmente para induzir a forma\u00e7\u00e3o da dentina reparadora<\/p>\n","protected":false},"featured_media":2901,"comment_status":"open","ping_status":"closed","template":"","meta":[],"product_brand":[],"product_cat":[508],"product_tag":[],"class_list":{"0":"post-2902","1":"product","2":"type-product","3":"status-publish","4":"has-post-thumbnail","6":"product_cat-inicio","8":"first","9":"onbackorder","10":"shipping-taxable","11":"purchasable","12":"product-type-simple"},"_links":{"self":[{"href":"https:\/\/www.brmedal.com.br\/index.php?rest_route=\/wp\/v2\/product\/2902","targetHints":{"allow":["GET"]}}],"collection":[{"href":"https:\/\/www.brmedal.com.br\/index.php?rest_route=\/wp\/v2\/product"}],"about":[{"href":"https:\/\/www.brmedal.com.br\/index.php?rest_route=\/wp\/v2\/types\/product"}],"replies":[{"embeddable":true,"href":"https:\/\/www.brmedal.com.br\/index.php?rest_route=%2Fwp%2Fv2%2Fcomments&post=2902"}],"wp:featuredmedia":[{"embeddable":true,"href":"https:\/\/www.brmedal.com.br\/index.php?rest_route=\/wp\/v2\/media\/2901"}],"wp:attachment":[{"href":"https:\/\/www.brmedal.com.br\/index.php?rest_route=%2Fwp%2Fv2%2Fmedia&parent=2902"}],"wp:term":[{"taxonomy":"product_brand","embeddable":true,"href":"https:\/\/www.brmedal.com.br\/index.php?rest_route=%2Fwp%2Fv2%2Fproduct_brand&post=2902"},{"taxonomy":"product_cat","embeddable":true,"href":"https:\/\/www.brmedal.com.br\/index.php?rest_route=%2Fwp%2Fv2%2Fproduct_cat&post=2902"},{"taxonomy":"product_tag","embeddable":true,"href":"https:\/\/www.brmedal.com.br\/index.php?rest_route=%2Fwp%2Fv2%2Fproduct_tag&post=2902"}],"curies":[{"name":"wp","href":"https:\/\/api.w.org\/{rel}","templated":true}]}}