{"id":3009,"date":"2018-06-18T08:59:02","date_gmt":"2018-06-18T11:59:02","guid":{"rendered":"https:\/\/www.brmedal.com.br\/product\/camara-de-revelacao-innovation-com-iluminacao-fonte\/"},"modified":"2022-11-08T23:37:22","modified_gmt":"2022-11-09T02:37:22","slug":"camara-de-revelacao-innovation-com-iluminacao-fonte","status":"publish","type":"product","link":"https:\/\/www.brmedal.com.br\/?product=camara-de-revelacao-innovation-com-iluminacao-fonte","title":{"rendered":"C\u00e2mara de revela\u00e7\u00e3o Innovation com ilumina\u00e7\u00e3o \u2013 Fonte"},"content":{"rendered":"<p class=\"Default\">Sistema de ilumina\u00e7\u00e3o, com acionamento por chave Liga\/Desl, que fica na parte externa da tampa da c\u00e2mara, que permite total visualiza\u00e7\u00e3o do interior da c\u00e2mara e n\u00e3o danifica a radiografia;<\/p>\n<p class=\"Default\">Material bicolor que evita entrada de luminosidade externa;<\/p>\n<p class=\"Default\">Tampa e base remov\u00edveis que facilitam higieniza\u00e7\u00e3o e reposi\u00e7\u00e3o dos qu\u00edmicos;<\/p>\n<p class=\"Default\">Com sistema de ventosa para fixa\u00e7\u00e3o;<\/p>\n<p class=\"Default\">Amplo visor de acr\u00edlico vermelho transl\u00facido com prote\u00e7\u00e3o ultravioleta;<\/p>\n<p class=\"Default\">Base remov\u00edvel facilitando coleta de res\u00edduos, limpeza e desinfec\u00e7\u00e3o;<\/p>\n<p class=\"Default\">Copos de f\u00e1cil reposi\u00e7\u00e3o e que permitem maior economia de qu\u00edmicos;<\/p>\n<p class=\"Default\">Aros que facilitam a retirada das luvas para limpeza;<\/p>\n<p class=\"Default\">Design moderno e inovador que proporcionam maior espa\u00e7o interno e facilitam o manuseio das m\u00e3os;<\/p>\n<p class=\"Default\">Leve, port\u00e1til, ergon\u00f4mica e em material bicolor resistente de alta durabilidade e sem riscos de oxida\u00e7\u00e3o<\/p>\n<p class=\"Default\">N\u00e3o h\u00e1 necessidade de troca de l\u00e2mpadas.<\/p>\n<p class=\"Default\">Alimenta\u00e7\u00e3o atrav\u00e9s de uma fonte externa de 12V \/ 0,5A (Bivolt).<\/p>\n","protected":false},"excerpt":{"rendered":"<p>Sistema de ilumina\u00e7\u00e3o, com acionamento por chave Liga\/Desl, que fica na parte externa da tampa da c\u00e2mara, que permite total visualiza\u00e7\u00e3o do interior da c\u00e2mara e<span class=\"excerpt-hellip\"> [\u2026]<\/span><\/p>\n","protected":false},"featured_media":3000,"comment_status":"open","ping_status":"closed","template":"","meta":[],"product_brand":[],"product_cat":[546,508,510],"product_tag":[],"class_list":{"0":"post-3009","1":"product","2":"type-product","3":"status-publish","4":"has-post-thumbnail","6":"product_cat-equipamentos-odontologia","7":"product_cat-inicio","8":"product_cat-odontologia","10":"first","11":"onbackorder","12":"shipping-taxable","13":"purchasable","14":"product-type-simple"},"_links":{"self":[{"href":"https:\/\/www.brmedal.com.br\/index.php?rest_route=\/wp\/v2\/product\/3009","targetHints":{"allow":["GET"]}}],"collection":[{"href":"https:\/\/www.brmedal.com.br\/index.php?rest_route=\/wp\/v2\/product"}],"about":[{"href":"https:\/\/www.brmedal.com.br\/index.php?rest_route=\/wp\/v2\/types\/product"}],"replies":[{"embeddable":true,"href":"https:\/\/www.brmedal.com.br\/index.php?rest_route=%2Fwp%2Fv2%2Fcomments&post=3009"}],"wp:featuredmedia":[{"embeddable":true,"href":"https:\/\/www.brmedal.com.br\/index.php?rest_route=\/wp\/v2\/media\/3000"}],"wp:attachment":[{"href":"https:\/\/www.brmedal.com.br\/index.php?rest_route=%2Fwp%2Fv2%2Fmedia&parent=3009"}],"wp:term":[{"taxonomy":"product_brand","embeddable":true,"href":"https:\/\/www.brmedal.com.br\/index.php?rest_route=%2Fwp%2Fv2%2Fproduct_brand&post=3009"},{"taxonomy":"product_cat","embeddable":true,"href":"https:\/\/www.brmedal.com.br\/index.php?rest_route=%2Fwp%2Fv2%2Fproduct_cat&post=3009"},{"taxonomy":"product_tag","embeddable":true,"href":"https:\/\/www.brmedal.com.br\/index.php?rest_route=%2Fwp%2Fv2%2Fproduct_tag&post=3009"}],"curies":[{"name":"wp","href":"https:\/\/api.w.org\/{rel}","templated":true}]}}