{"id":3037,"date":"2018-06-18T09:35:19","date_gmt":"2018-06-18T12:35:19","guid":{"rendered":"https:\/\/www.brmedal.com.br\/product\/mini-incubadora-para-testes-biologicos\/"},"modified":"2022-11-08T23:05:17","modified_gmt":"2022-11-09T02:05:17","slug":"mini-incubadora-para-testes-biologicos","status":"publish","type":"product","link":"https:\/\/www.brmedal.com.br\/?product=mini-incubadora-para-testes-biologicos","title":{"rendered":"Mini &#8211; Incubadora para testes biol\u00f3gicos"},"content":{"rendered":"<p class=\"Default\">Possui controle eletr\u00f4nico e autom\u00e1tico de temperatura que se mant\u00eam dentro da faixa adequada para a incuba\u00e7\u00e3o do indicador biol\u00f3gico.<\/p>\n<p class=\"Default\">Design moderno e inovador, com cilindro de aquecimento em alum\u00ednio. Al\u00e9m de n\u00e3o enferrujar dissipa melhor a temperatura por toda a sua \u00e1rea de aquecimento.<\/p>\n<p class=\"Default\">Confeccionada externamente em PSAI &#8211; Poliestireno de Alto Impacto garantindo durabilidade, beleza e facilidade de limpeza.<\/p>\n<p class=\"Default\">N\u00e3o existe risco de oxida\u00e7\u00e3o.<\/p>\n<p class=\"Default\">Propicia as condi\u00e7\u00f5es de temperatura ideais para o desenvolvimento de col\u00f4nia de bact\u00e9rias para testes de indicadores biol\u00f3gicos que validam o processo de esteriliza\u00e7\u00e3o de autoclaves.<\/p>\n","protected":false},"excerpt":{"rendered":"<p>Possui controle eletr\u00f4nico e autom\u00e1tico de temperatura<\/p>\n<p>Design moderno e inovador<\/p>\n","protected":false},"featured_media":3035,"comment_status":"open","ping_status":"closed","template":"","meta":[],"product_brand":[],"product_cat":[546,508,510],"product_tag":[],"class_list":{"0":"post-3037","1":"product","2":"type-product","3":"status-publish","4":"has-post-thumbnail","6":"product_cat-equipamentos-odontologia","7":"product_cat-inicio","8":"product_cat-odontologia","10":"first","11":"onbackorder","12":"shipping-taxable","13":"purchasable","14":"product-type-simple"},"_links":{"self":[{"href":"https:\/\/www.brmedal.com.br\/index.php?rest_route=\/wp\/v2\/product\/3037","targetHints":{"allow":["GET"]}}],"collection":[{"href":"https:\/\/www.brmedal.com.br\/index.php?rest_route=\/wp\/v2\/product"}],"about":[{"href":"https:\/\/www.brmedal.com.br\/index.php?rest_route=\/wp\/v2\/types\/product"}],"replies":[{"embeddable":true,"href":"https:\/\/www.brmedal.com.br\/index.php?rest_route=%2Fwp%2Fv2%2Fcomments&post=3037"}],"wp:featuredmedia":[{"embeddable":true,"href":"https:\/\/www.brmedal.com.br\/index.php?rest_route=\/wp\/v2\/media\/3035"}],"wp:attachment":[{"href":"https:\/\/www.brmedal.com.br\/index.php?rest_route=%2Fwp%2Fv2%2Fmedia&parent=3037"}],"wp:term":[{"taxonomy":"product_brand","embeddable":true,"href":"https:\/\/www.brmedal.com.br\/index.php?rest_route=%2Fwp%2Fv2%2Fproduct_brand&post=3037"},{"taxonomy":"product_cat","embeddable":true,"href":"https:\/\/www.brmedal.com.br\/index.php?rest_route=%2Fwp%2Fv2%2Fproduct_cat&post=3037"},{"taxonomy":"product_tag","embeddable":true,"href":"https:\/\/www.brmedal.com.br\/index.php?rest_route=%2Fwp%2Fv2%2Fproduct_tag&post=3037"}],"curies":[{"name":"wp","href":"https:\/\/api.w.org\/{rel}","templated":true}]}}