{"id":3212,"date":"2018-06-22T10:36:53","date_gmt":"2018-06-22T13:36:53","guid":{"rendered":"https:\/\/www.brmedal.com.br\/product\/agulha-gengival\/"},"modified":"2022-11-08T19:06:11","modified_gmt":"2022-11-08T22:06:11","slug":"agulha-gengival","status":"publish","type":"product","link":"https:\/\/www.brmedal.com.br\/?product=agulha-gengival","title":{"rendered":"Agulha Gengival"},"content":{"rendered":"<p>\u2022 Agulha Gengival descart\u00e1vel \u00e9 para uso exclusivo Odontol\u00f3gico, utilizado para injetar anest\u00e9sico ou solu\u00e7\u00f5es intra-dentais;<br \/>\n\u2022 Rosca tipo polegada ou tipo mm para seguran\u00e7a do encaixe no cartucho da seringa;<br \/>\n\u2022 Embalagem individual, tipo capa protetora r\u00edgida, com lacre central, que mant\u00e9m a esterilidade do produto;<br \/>\n\u2022 Fabricado com material at\u00f3xico, est\u00e9ril de uso \u00fanico;<br \/>\n\u2022 Agulha siliconizada com bisel trifacetado que permite uma penetra\u00e7\u00e3o suave na gengiva do paciente;<br \/>\n\u2022 Fabricada de acordo com a norma ISO 7885.<\/p>\n<p>&nbsp;<\/p>\n","protected":false},"excerpt":{"rendered":"<p>\u2022 Agulha Gengival descart\u00e1vel \u00e9 para uso exclusivo Odontol\u00f3gico, utilizado para injetar anest\u00e9sico ou solu\u00e7\u00f5es intra-dentais;<\/p>\n","protected":false},"featured_media":3206,"comment_status":"open","ping_status":"closed","template":"","meta":[],"product_brand":[],"product_cat":[522,542,510],"product_tag":[],"class_list":{"0":"post-3212","1":"product","2":"type-product","3":"status-publish","4":"has-post-thumbnail","6":"product_cat-anestesicos","7":"product_cat-descartaveis-odontologia","8":"product_cat-odontologia","10":"first","11":"onbackorder","12":"shipping-taxable","13":"purchasable","14":"product-type-simple"},"_links":{"self":[{"href":"https:\/\/www.brmedal.com.br\/index.php?rest_route=\/wp\/v2\/product\/3212","targetHints":{"allow":["GET"]}}],"collection":[{"href":"https:\/\/www.brmedal.com.br\/index.php?rest_route=\/wp\/v2\/product"}],"about":[{"href":"https:\/\/www.brmedal.com.br\/index.php?rest_route=\/wp\/v2\/types\/product"}],"replies":[{"embeddable":true,"href":"https:\/\/www.brmedal.com.br\/index.php?rest_route=%2Fwp%2Fv2%2Fcomments&post=3212"}],"wp:featuredmedia":[{"embeddable":true,"href":"https:\/\/www.brmedal.com.br\/index.php?rest_route=\/wp\/v2\/media\/3206"}],"wp:attachment":[{"href":"https:\/\/www.brmedal.com.br\/index.php?rest_route=%2Fwp%2Fv2%2Fmedia&parent=3212"}],"wp:term":[{"taxonomy":"product_brand","embeddable":true,"href":"https:\/\/www.brmedal.com.br\/index.php?rest_route=%2Fwp%2Fv2%2Fproduct_brand&post=3212"},{"taxonomy":"product_cat","embeddable":true,"href":"https:\/\/www.brmedal.com.br\/index.php?rest_route=%2Fwp%2Fv2%2Fproduct_cat&post=3212"},{"taxonomy":"product_tag","embeddable":true,"href":"https:\/\/www.brmedal.com.br\/index.php?rest_route=%2Fwp%2Fv2%2Fproduct_tag&post=3212"}],"curies":[{"name":"wp","href":"https:\/\/api.w.org\/{rel}","templated":true}]}}