{"id":3224,"date":"2018-06-22T11:10:26","date_gmt":"2018-06-22T14:10:26","guid":{"rendered":"https:\/\/www.brmedal.com.br\/product\/estufa-de-esterilizacao-e-secagem-digital-timer\/"},"modified":"2022-11-08T19:02:12","modified_gmt":"2022-11-08T22:02:12","slug":"estufa-de-esterilizacao-e-secagem-digital-timer","status":"publish","type":"product","link":"https:\/\/www.brmedal.com.br\/?product=estufa-de-esterilizacao-e-secagem-digital-timer","title":{"rendered":"Estufa de esteriliza\u00e7\u00e3o e secagem digital timer 40 litros &#8211; mod. SX1.2DTME"},"content":{"rendered":"<p>As\u00a0<strong>Estufas\u00a0<\/strong>s\u00e3o produtos fabricados para\u00a0<strong>Esteriliza\u00e7\u00e3o e secagem\u00a0<\/strong>de instrumental cir\u00fargico, m\u00e9dico e odontol\u00f3gico atrav\u00e9s do calor seco.<\/p>\n<p>A estufa\u00a0<strong>\u00a0Digital Timer\u00a0\u00a0<\/strong>\u00a0tem\u00a0 termorregula\u00e7\u00e3o at\u00e9 a temperatura de 250\u00baC e\u00a0<strong>controlador de tempo (Timer)\u00a0<\/strong>\u00a0vari\u00e1vel de 0 a 120 minutos.<\/p>\n<p>Possui\u00a0<strong>suspiro\u00a0<\/strong>localizado na parte superior para permitir a sa\u00edda de ar expandido pelo aquecimento,\u00a0<strong>Painel\u00a0<\/strong>com\u00a0<strong>chave geral\u00a0<\/strong>(liga\/desliga),<strong>porta fus\u00edvel<\/strong>\u00a0com fus\u00edvel de prote\u00e7\u00e3o,\u00a0<strong>term\u00f4metro bimet\u00e1lico<\/strong>\u00a0graduado de 0 a 250\u00baC,\u00a0<strong>termostato Digital<\/strong>\u00a0com dial graduado para regulagem da temperatura desejada,\u00a0<strong>indicador de aquecimento, indicador do timer\u00a0<\/strong>quando acionado e\u00a0<strong>controlador de tempo (timer).<\/strong><\/p>\n","protected":false},"excerpt":{"rendered":"<ul>\n<li>Estufa Digital microprocessada com Timer, C\u00e2mara e a almofada interna da porta em a\u00e7o inoxid\u00e1vel 430, com sistema de convec\u00e7\u00e3o natural de ar, sistema de aquecimento por duas resist\u00eancias tubulares blindadas localizadas na base.<\/li>\n<\/ul>\n","protected":false},"featured_media":3222,"comment_status":"open","ping_status":"closed","template":"","meta":[],"product_brand":[],"product_cat":[546,510],"product_tag":[],"class_list":{"0":"post-3224","1":"product","2":"type-product","3":"status-publish","4":"has-post-thumbnail","6":"product_cat-equipamentos-odontologia","7":"product_cat-odontologia","9":"first","10":"onbackorder","11":"shipping-taxable","12":"purchasable","13":"product-type-simple"},"_links":{"self":[{"href":"https:\/\/www.brmedal.com.br\/index.php?rest_route=\/wp\/v2\/product\/3224","targetHints":{"allow":["GET"]}}],"collection":[{"href":"https:\/\/www.brmedal.com.br\/index.php?rest_route=\/wp\/v2\/product"}],"about":[{"href":"https:\/\/www.brmedal.com.br\/index.php?rest_route=\/wp\/v2\/types\/product"}],"replies":[{"embeddable":true,"href":"https:\/\/www.brmedal.com.br\/index.php?rest_route=%2Fwp%2Fv2%2Fcomments&post=3224"}],"wp:featuredmedia":[{"embeddable":true,"href":"https:\/\/www.brmedal.com.br\/index.php?rest_route=\/wp\/v2\/media\/3222"}],"wp:attachment":[{"href":"https:\/\/www.brmedal.com.br\/index.php?rest_route=%2Fwp%2Fv2%2Fmedia&parent=3224"}],"wp:term":[{"taxonomy":"product_brand","embeddable":true,"href":"https:\/\/www.brmedal.com.br\/index.php?rest_route=%2Fwp%2Fv2%2Fproduct_brand&post=3224"},{"taxonomy":"product_cat","embeddable":true,"href":"https:\/\/www.brmedal.com.br\/index.php?rest_route=%2Fwp%2Fv2%2Fproduct_cat&post=3224"},{"taxonomy":"product_tag","embeddable":true,"href":"https:\/\/www.brmedal.com.br\/index.php?rest_route=%2Fwp%2Fv2%2Fproduct_tag&post=3224"}],"curies":[{"name":"wp","href":"https:\/\/api.w.org\/{rel}","templated":true}]}}