{"id":5150,"date":"2019-03-18T19:25:17","date_gmt":"2019-03-18T22:25:17","guid":{"rendered":"https:\/\/www.brmedal.com.br\/product\/farelo-de-soja-saco-de-40-kgs\/"},"modified":"2022-10-31T00:21:09","modified_gmt":"2022-10-31T03:21:09","slug":"farelo-de-soja-saco-de-40-kgs","status":"publish","type":"product","link":"https:\/\/www.brmedal.com.br\/?product=farelo-de-soja-saco-de-40-kgs","title":{"rendered":"Farelo de soja &#8211; saco de 40 kgs"},"content":{"rendered":"","protected":false},"excerpt":{"rendered":"<p><strong>PRE\u00c7O POR TONELADA USD 350.88 (MAR\u00c7O 2019)<\/strong><\/p>\n<p><strong>\u00d3TIMO PRODUTO PARA NUTRI\u00c7\u00c3O ANIMAL!<\/strong><\/p>\n<p><strong> 46% DE PROTE\u00cdNA.<\/strong><\/p>\n<p><strong>EM SACOS DE 40 KGS.<\/strong><\/p>\n<p><strong>PRE\u00c7O POR SACO.<\/strong><\/p>\n<p><strong>SOLICITE COTA\u00c7\u00c3O DE FRETE PARA SEU PA\u00cdS!<\/strong><\/p>\n","protected":false},"featured_media":5147,"comment_status":"open","ping_status":"closed","template":"","meta":[],"product_brand":[],"product_cat":[518],"product_tag":[],"class_list":{"0":"post-5150","1":"product","2":"type-product","3":"status-publish","4":"has-post-thumbnail","6":"product_cat-nutricao-animal","8":"first","9":"onbackorder","10":"shipping-taxable","11":"purchasable","12":"product-type-simple"},"_links":{"self":[{"href":"https:\/\/www.brmedal.com.br\/index.php?rest_route=\/wp\/v2\/product\/5150","targetHints":{"allow":["GET"]}}],"collection":[{"href":"https:\/\/www.brmedal.com.br\/index.php?rest_route=\/wp\/v2\/product"}],"about":[{"href":"https:\/\/www.brmedal.com.br\/index.php?rest_route=\/wp\/v2\/types\/product"}],"replies":[{"embeddable":true,"href":"https:\/\/www.brmedal.com.br\/index.php?rest_route=%2Fwp%2Fv2%2Fcomments&post=5150"}],"wp:featuredmedia":[{"embeddable":true,"href":"https:\/\/www.brmedal.com.br\/index.php?rest_route=\/wp\/v2\/media\/5147"}],"wp:attachment":[{"href":"https:\/\/www.brmedal.com.br\/index.php?rest_route=%2Fwp%2Fv2%2Fmedia&parent=5150"}],"wp:term":[{"taxonomy":"product_brand","embeddable":true,"href":"https:\/\/www.brmedal.com.br\/index.php?rest_route=%2Fwp%2Fv2%2Fproduct_brand&post=5150"},{"taxonomy":"product_cat","embeddable":true,"href":"https:\/\/www.brmedal.com.br\/index.php?rest_route=%2Fwp%2Fv2%2Fproduct_cat&post=5150"},{"taxonomy":"product_tag","embeddable":true,"href":"https:\/\/www.brmedal.com.br\/index.php?rest_route=%2Fwp%2Fv2%2Fproduct_tag&post=5150"}],"curies":[{"name":"wp","href":"https:\/\/api.w.org\/{rel}","templated":true}]}}