{"id":519,"date":"2017-09-28T12:50:59","date_gmt":"2017-09-28T15:50:59","guid":{"rendered":"https:\/\/www.brmedal.com.br\/product\/calca-branca-masculina-em-gabardine\/"},"modified":"2024-12-02T22:12:05","modified_gmt":"2024-12-03T01:12:05","slug":"calca-branca-masculina-em-gabardine","status":"publish","type":"product","link":"https:\/\/www.brmedal.com.br\/?product=calca-branca-masculina-em-gabardine","title":{"rendered":"Cal\u00e7a branca masculina social em Gabardine Votex"},"content":{"rendered":"<table>\n<tbody>\n<tr>\n<td><\/td>\n<td colspan=\"2\"><strong>Tamanhos<\/strong><\/td>\n<td><strong>\u00a0<\/strong><\/td>\n<td><strong>\u00a0<\/strong><\/td>\n<td><strong>\u00a0<\/strong><\/td>\n<td><strong>\u00a0<\/strong><\/td>\n<td><strong>\u00a0<\/strong><\/td>\n<\/tr>\n<tr>\n<td colspan=\"2\"><strong>CAL\u00c7A BRANCA<\/strong><\/td>\n<td style=\"text-align: center\"><strong>38<\/strong><\/td>\n<td style=\"text-align: center\"><strong>40<\/strong><\/td>\n<td style=\"text-align: center\"><strong>42<\/strong><\/td>\n<td style=\"text-align: center\"><strong>44<\/strong><\/td>\n<td style=\"text-align: center\"><strong>46<\/strong><\/td>\n<td style=\"text-align: center\"><strong>48<\/strong><\/td>\n<td style=\"text-align: center\"><strong>56<\/strong><\/td>\n<\/tr>\n<tr>\n<td colspan=\"2\"><strong>\u00a0<\/strong><\/td>\n<td style=\"text-align: center\"><strong>Medidas cms<\/strong><\/td>\n<td style=\"text-align: center\"><strong>\u00a0<\/strong><\/td>\n<td style=\"text-align: center\"><strong>\u00a0<\/strong><\/td>\n<td style=\"text-align: center\"><strong>\u00a0<\/strong><\/td>\n<td style=\"text-align: center\"><strong>\u00a0<\/strong><\/td>\n<td style=\"text-align: center\"><strong>\u00a0<\/strong><\/td>\n<td style=\"text-align: center\"><strong>\u00a0<\/strong><\/td>\n<\/tr>\n<tr>\n<td colspan=\"2\"><strong>Largura cintura<\/strong><\/td>\n<td style=\"text-align: center\"><strong>38<\/strong><\/td>\n<td style=\"text-align: center\"><strong>40<\/strong><\/td>\n<td style=\"text-align: center\"><strong>42<\/strong><\/td>\n<td style=\"text-align: center\"><strong>44<\/strong><\/td>\n<td style=\"text-align: center\"><strong>46<\/strong><\/td>\n<td style=\"text-align: center\"><strong>48<\/strong><\/td>\n<td style=\"text-align: center\"><strong>56<\/strong><\/td>\n<\/tr>\n<tr>\n<td colspan=\"2\"><strong>Comprimento total<\/strong><\/td>\n<td style=\"text-align: center\"><strong>117<\/strong><\/td>\n<td style=\"text-align: center\"><strong>119<\/strong><\/td>\n<td style=\"text-align: center\"><strong>103<\/strong><\/td>\n<td style=\"text-align: center\"><strong>105<\/strong><\/td>\n<td style=\"text-align: center\"><strong>108<\/strong><\/td>\n<td style=\"text-align: center\"><strong>110<\/strong><\/td>\n<td style=\"text-align: center\"><strong>109<\/strong><\/td>\n<\/tr>\n<tr>\n<td colspan=\"2\"><strong>Largura quadril<\/strong><\/td>\n<td style=\"text-align: center\"><strong>47<\/strong><\/td>\n<td style=\"text-align: center\"><strong>49<\/strong><\/td>\n<td style=\"text-align: center\"><strong>51<\/strong><\/td>\n<td style=\"text-align: center\"><strong>55<\/strong><\/td>\n<td style=\"text-align: center\"><strong>52<\/strong><\/td>\n<td style=\"text-align: center\"><strong>54<\/strong><\/td>\n<td style=\"text-align: center\"><strong>70<\/strong><\/td>\n<\/tr>\n<tr>\n<td colspan=\"2\"><strong>Altura cavalo <\/strong><\/td>\n<td style=\"text-align: center\"><strong>29<\/strong><\/td>\n<td style=\"text-align: center\"><strong>30<\/strong><\/td>\n<td style=\"text-align: center\"><strong>29<\/strong><\/td>\n<td style=\"text-align: center\"><strong>29<\/strong><\/td>\n<td style=\"text-align: center\"><strong>31<\/strong><\/td>\n<td style=\"text-align: center\"><strong>33<\/strong><\/td>\n<td style=\"text-align: center\"><strong>32<\/strong><\/td>\n<\/tr>\n<\/tbody>\n<\/table>\n","protected":false},"excerpt":{"rendered":"<p>Cal\u00e7a branca estilo social, confeccionada em tecido Gabardine Votex, qualidade superior.<\/p>\n<p>Composi\u00e7\u00e3o 75% poli\u00e9ster e 25% viscose.<\/p>\n<p>Para uso profissional e pessoal.<\/p>\n<p>Confort\u00e1vel, resistente e dur\u00e1vel, com caimento perfeito.<\/p>\n<p>Muito elegante!<\/p>\n<p>Bolsos laterais e dois bolsos traseiros, forrados.<\/p>\n<p><strong>Descontos especiais para quantidades. Consulte-nos!<\/strong><\/p>\n<p>&nbsp;<\/p>\n","protected":false},"featured_media":13952,"comment_status":"open","ping_status":"closed","template":"","meta":[],"product_brand":[],"product_cat":[571],"product_tag":[],"class_list":{"0":"post-519","1":"product","2":"type-product","3":"status-publish","4":"has-post-thumbnail","6":"product_cat-rouparia","7":"pa_tamanho-de-calcas-79","8":"pa_tamanho-de-calcas-81","9":"pa_tamanho-de-calcas-82","10":"pa_tamanho-de-calcas-83","12":"first","13":"outofstock","14":"shipping-taxable","15":"purchasable","16":"product-type-variable"},"_links":{"self":[{"href":"https:\/\/www.brmedal.com.br\/index.php?rest_route=\/wp\/v2\/product\/519","targetHints":{"allow":["GET"]}}],"collection":[{"href":"https:\/\/www.brmedal.com.br\/index.php?rest_route=\/wp\/v2\/product"}],"about":[{"href":"https:\/\/www.brmedal.com.br\/index.php?rest_route=\/wp\/v2\/types\/product"}],"replies":[{"embeddable":true,"href":"https:\/\/www.brmedal.com.br\/index.php?rest_route=%2Fwp%2Fv2%2Fcomments&post=519"}],"wp:featuredmedia":[{"embeddable":true,"href":"https:\/\/www.brmedal.com.br\/index.php?rest_route=\/wp\/v2\/media\/13952"}],"wp:attachment":[{"href":"https:\/\/www.brmedal.com.br\/index.php?rest_route=%2Fwp%2Fv2%2Fmedia&parent=519"}],"wp:term":[{"taxonomy":"product_brand","embeddable":true,"href":"https:\/\/www.brmedal.com.br\/index.php?rest_route=%2Fwp%2Fv2%2Fproduct_brand&post=519"},{"taxonomy":"product_cat","embeddable":true,"href":"https:\/\/www.brmedal.com.br\/index.php?rest_route=%2Fwp%2Fv2%2Fproduct_cat&post=519"},{"taxonomy":"product_tag","embeddable":true,"href":"https:\/\/www.brmedal.com.br\/index.php?rest_route=%2Fwp%2Fv2%2Fproduct_tag&post=519"}],"curies":[{"name":"wp","href":"https:\/\/api.w.org\/{rel}","templated":true}]}}