{"id":5660,"date":"2019-04-23T14:46:57","date_gmt":"2019-04-23T17:46:57","guid":{"rendered":"https:\/\/www.brmedal.com.br\/product\/acucar-refinado-extra-fino-de-1kg\/"},"modified":"2022-10-30T20:18:49","modified_gmt":"2022-10-30T23:18:49","slug":"acucar-refinado-extra-fino-de-1kg","status":"publish","type":"product","link":"https:\/\/www.brmedal.com.br\/?product=acucar-refinado-extra-fino-de-1kg","title":{"rendered":"A\u00e7\u00facar Refinado Extra Fino de 1Kg"},"content":{"rendered":"<p>O A\u00e7\u00facar Extra Fino \u00e9 resultado da moagem elaborada de maneira controlada e espec\u00edfica do A\u00e7\u00facar Cristal, transformando-o em um a\u00e7\u00facar branco mais fino. A mat\u00e9ria-prima \u00e9 o A\u00e7\u00facar Cristal produzido diretamente na usina atrav\u00e9s do caldo de cana-de-a\u00e7\u00facar.<\/p>\n<p><strong>Composi\u00e7\u00e3o:<\/strong><\/p>\n<p>Sacarose (99,7 % m\u00ednimo). Icumsa at\u00e9 \u00a045.<\/p>\n<p><strong>Aplica\u00e7\u00f5es:<\/strong><\/p>\n<p>\u2022 Ado\u00e7ante em sucos, bebidas e caf\u00e9;\u00a0 \u2022 Elabora\u00e7\u00e3o de bolos, doces e confeitos;<\/p>\n<p>\u2022 Preparo de p\u00e3es e biscoitos. \u00a0\u00a0\u00a0\u2022 Sorvetes;<\/p>\n<p>\u2022 Cervejarias;\u00a0 \u00a0\u2022 Confeitos;\u00a0\u00a0\u00a0\u00a0\u00a0 \u00a0\u2022 Ind\u00fastria aliment\u00edcia em geral;<\/p>\n<p><strong>Embalagens<\/strong><\/p>\n<p>Saco pl\u00e1stico de 1 kg \u2013 Fardo com 10 sacos<\/p>\n<p>Saco pl\u00e1stico de 2 kgs \u2013 Fardo com 5 sacos<\/p>\n<p>Saco pl\u00e1stico de 5 kgs \u2013 Fardo com 5 sacos<\/p>\n<p>Sacos de r\u00e1fia de 25 kgs<\/p>\n<p>Sacos de r\u00e1fia de 50 kgs<\/p>\n<p><strong>Armazenagem<\/strong><\/p>\n<p>Deve ser armazenado sobre estrados, longe de locais quentes, \u00famidos ou excessivamente iluminados (luz do sol), de produtos qu\u00edmicos e odores fortes, n\u00e3o ficar em contato direto com piso ou parede. O a\u00e7\u00facar pode empedrar se houver varia\u00e7\u00f5es bruscas de umidade e temperatura. Manter o produto protegido ap\u00f3s a abertura da embalagem.<\/p>\n","protected":false},"excerpt":{"rendered":"<p>O A\u00e7\u00facar Extra Fino \u00e9 resultado da moagem elaborada de maneira controlada e espec\u00edfica do A\u00e7\u00facar Cristal, transformando-o em um a\u00e7\u00facar branco mais fino. A mat\u00e9ria-prima<span class=\"excerpt-hellip\"> [\u2026]<\/span><\/p>\n","protected":false},"featured_media":5657,"comment_status":"open","ping_status":"closed","template":"","meta":[],"product_brand":[],"product_cat":[581,513],"product_tag":[],"class_list":{"0":"post-5660","1":"product","2":"type-product","3":"status-publish","4":"has-post-thumbnail","6":"product_cat-acucar","7":"product_cat-alimentos","9":"first","10":"onbackorder","11":"shipping-taxable","12":"purchasable","13":"product-type-simple"},"_links":{"self":[{"href":"https:\/\/www.brmedal.com.br\/index.php?rest_route=\/wp\/v2\/product\/5660","targetHints":{"allow":["GET"]}}],"collection":[{"href":"https:\/\/www.brmedal.com.br\/index.php?rest_route=\/wp\/v2\/product"}],"about":[{"href":"https:\/\/www.brmedal.com.br\/index.php?rest_route=\/wp\/v2\/types\/product"}],"replies":[{"embeddable":true,"href":"https:\/\/www.brmedal.com.br\/index.php?rest_route=%2Fwp%2Fv2%2Fcomments&post=5660"}],"wp:featuredmedia":[{"embeddable":true,"href":"https:\/\/www.brmedal.com.br\/index.php?rest_route=\/wp\/v2\/media\/5657"}],"wp:attachment":[{"href":"https:\/\/www.brmedal.com.br\/index.php?rest_route=%2Fwp%2Fv2%2Fmedia&parent=5660"}],"wp:term":[{"taxonomy":"product_brand","embeddable":true,"href":"https:\/\/www.brmedal.com.br\/index.php?rest_route=%2Fwp%2Fv2%2Fproduct_brand&post=5660"},{"taxonomy":"product_cat","embeddable":true,"href":"https:\/\/www.brmedal.com.br\/index.php?rest_route=%2Fwp%2Fv2%2Fproduct_cat&post=5660"},{"taxonomy":"product_tag","embeddable":true,"href":"https:\/\/www.brmedal.com.br\/index.php?rest_route=%2Fwp%2Fv2%2Fproduct_tag&post=5660"}],"curies":[{"name":"wp","href":"https:\/\/api.w.org\/{rel}","templated":true}]}}

Açúcar Refinado Extra Fino de 1Kg

<p>O Açúcar Extra Fino é resultado da moagem elaborada de maneira controlada e específica do Açúcar Cristal, transformando-o em um açúcar branco mais fino. A matéria-prima é o Açúcar Cristal produzido diretamente na usina através do caldo de cana-de-açúcar.</p>
<p><strong>Composição:</strong></p>
<p>Sacarose (99,7 % mínimo). Icumsa até  45.</p>
<p><strong>Aplicações:</strong></p>
<p>• Adoçante em sucos, bebidas e café;  • Elaboração de bolos, doces e confeitos;</p>
<p>• Preparo de pães e biscoitos.    • Sorvetes;</p>
<p>• Cervejarias;   • Confeitos;       • Indústria alimentícia em geral;</p>
<p><strong>Embalagens</strong></p>
<p>Saco plástico de 1 kg – Fardo com 10 sacos</p>
<p>Saco plástico de 2 kgs – Fardo com 5 sacos</p>
<p>Saco plástico de 5 kgs – Fardo com 5 sacos</p>
<p>Sacos de ráfia de 25 kgs</p>
<p>Sacos de ráfia de 50 kgs</p>
<p><strong>Armazenagem</strong></p>
<p>Deve ser armazenado sobre estrados, longe de locais quentes, úmidos ou excessivamente iluminados (luz do sol), de produtos químicos e odores fortes, não ficar em contato direto com piso ou parede. O açúcar pode empedrar se houver variações bruscas de umidade e temperatura. Manter o produto protegido após a abertura da embalagem.</p>

<p>O Açúcar Extra Fino é resultado da moagem elaborada de maneira controlada e específica do Açúcar Cristal, transformando-o em um açúcar branco mais fino. A matéria-prima<span class="excerpt-hellip"> […]</span></p>
