{"id":7435,"date":"2019-05-07T12:56:41","date_gmt":"2019-05-07T15:56:41","guid":{"rendered":"https:\/\/www.brmedal.com.br\/product\/bolas-de-algodao\/"},"modified":"2022-10-29T12:46:54","modified_gmt":"2022-10-29T15:46:54","slug":"bolas-de-algodao","status":"publish","type":"product","link":"https:\/\/www.brmedal.com.br\/?product=bolas-de-algodao","title":{"rendered":"Bolas de Algod\u00e3o"},"content":{"rendered":"<p>As Bolas de Algod\u00e3o Cremer s\u00e3o confeccionadas com fibras 100% algod\u00e3o. Macias e com \u00f3timo poder de absor\u00e7\u00e3o, seu formato arredondado \u00e9 ideal para a limpeza da pele do beb\u00ea e a remo\u00e7\u00e3o de esmaltes e cosm\u00e9ticos.<\/p>\n<p>100% algod\u00e3o; Produzido em ambiente ass\u00e9ptico, com a mais alta tecnologia;<\/p>\n","protected":false},"excerpt":{"rendered":"<p>20 Pacotes de 175g<\/p>\n","protected":false},"featured_media":7433,"comment_status":"open","ping_status":"closed","template":"","meta":[],"product_brand":[],"product_cat":[524,542,545],"product_tag":[],"class_list":{"0":"post-7435","1":"product","2":"type-product","3":"status-publish","4":"has-post-thumbnail","6":"product_cat-descartaveis","7":"product_cat-descartaveis-odontologia","8":"product_cat-insumos","10":"first","11":"onbackorder","12":"shipping-taxable","13":"purchasable","14":"product-type-simple"},"_links":{"self":[{"href":"https:\/\/www.brmedal.com.br\/index.php?rest_route=\/wp\/v2\/product\/7435","targetHints":{"allow":["GET"]}}],"collection":[{"href":"https:\/\/www.brmedal.com.br\/index.php?rest_route=\/wp\/v2\/product"}],"about":[{"href":"https:\/\/www.brmedal.com.br\/index.php?rest_route=\/wp\/v2\/types\/product"}],"replies":[{"embeddable":true,"href":"https:\/\/www.brmedal.com.br\/index.php?rest_route=%2Fwp%2Fv2%2Fcomments&post=7435"}],"wp:featuredmedia":[{"embeddable":true,"href":"https:\/\/www.brmedal.com.br\/index.php?rest_route=\/wp\/v2\/media\/7433"}],"wp:attachment":[{"href":"https:\/\/www.brmedal.com.br\/index.php?rest_route=%2Fwp%2Fv2%2Fmedia&parent=7435"}],"wp:term":[{"taxonomy":"product_brand","embeddable":true,"href":"https:\/\/www.brmedal.com.br\/index.php?rest_route=%2Fwp%2Fv2%2Fproduct_brand&post=7435"},{"taxonomy":"product_cat","embeddable":true,"href":"https:\/\/www.brmedal.com.br\/index.php?rest_route=%2Fwp%2Fv2%2Fproduct_cat&post=7435"},{"taxonomy":"product_tag","embeddable":true,"href":"https:\/\/www.brmedal.com.br\/index.php?rest_route=%2Fwp%2Fv2%2Fproduct_tag&post=7435"}],"curies":[{"name":"wp","href":"https:\/\/api.w.org\/{rel}","templated":true}]}}