{"id":7606,"date":"2019-05-08T08:13:04","date_gmt":"2019-05-08T11:13:04","guid":{"rendered":"https:\/\/www.brmedal.com.br\/product\/fita-microporosa-12-x-15m\/"},"modified":"2022-10-29T12:22:22","modified_gmt":"2022-10-29T15:22:22","slug":"fita-microporosa-12-x-15m","status":"publish","type":"product","link":"https:\/\/www.brmedal.com.br\/?product=fita-microporosa-12-x-15m","title":{"rendered":"Fita Microporosa  1,2 x 15m"},"content":{"rendered":"<p>A \u201cFita Micro porosa\u201d \u00e9 confeccionada com substrato de n\u00e3o tecido \u00e0 base de fibras de viscose, resina acr\u00edlica e massa adesiva \u00e0 base de poliacrilato hipoal\u00e9rgico. Aquo-repelente. Excelente fixa\u00e7\u00e3o em qualquer regi\u00e3o do corpo.<\/p>\n","protected":false},"excerpt":{"rendered":"<p>1,2 x 15m Caixa com 200 Unidades.<\/p>\n","protected":false},"featured_media":7604,"comment_status":"open","ping_status":"closed","template":"","meta":[],"product_brand":[],"product_cat":[524,545],"product_tag":[],"class_list":{"0":"post-7606","1":"product","2":"type-product","3":"status-publish","4":"has-post-thumbnail","6":"product_cat-descartaveis","7":"product_cat-insumos","9":"first","10":"onbackorder","11":"shipping-taxable","12":"purchasable","13":"product-type-simple"},"_links":{"self":[{"href":"https:\/\/www.brmedal.com.br\/index.php?rest_route=\/wp\/v2\/product\/7606","targetHints":{"allow":["GET"]}}],"collection":[{"href":"https:\/\/www.brmedal.com.br\/index.php?rest_route=\/wp\/v2\/product"}],"about":[{"href":"https:\/\/www.brmedal.com.br\/index.php?rest_route=\/wp\/v2\/types\/product"}],"replies":[{"embeddable":true,"href":"https:\/\/www.brmedal.com.br\/index.php?rest_route=%2Fwp%2Fv2%2Fcomments&post=7606"}],"wp:featuredmedia":[{"embeddable":true,"href":"https:\/\/www.brmedal.com.br\/index.php?rest_route=\/wp\/v2\/media\/7604"}],"wp:attachment":[{"href":"https:\/\/www.brmedal.com.br\/index.php?rest_route=%2Fwp%2Fv2%2Fmedia&parent=7606"}],"wp:term":[{"taxonomy":"product_brand","embeddable":true,"href":"https:\/\/www.brmedal.com.br\/index.php?rest_route=%2Fwp%2Fv2%2Fproduct_brand&post=7606"},{"taxonomy":"product_cat","embeddable":true,"href":"https:\/\/www.brmedal.com.br\/index.php?rest_route=%2Fwp%2Fv2%2Fproduct_cat&post=7606"},{"taxonomy":"product_tag","embeddable":true,"href":"https:\/\/www.brmedal.com.br\/index.php?rest_route=%2Fwp%2Fv2%2Fproduct_tag&post=7606"}],"curies":[{"name":"wp","href":"https:\/\/api.w.org\/{rel}","templated":true}]}}