{"id":8641,"date":"2019-05-15T10:03:03","date_gmt":"2019-05-15T13:03:03","guid":{"rendered":"https:\/\/www.brmedal.com.br\/product\/mesa-luxo-para-exame\/"},"modified":"2022-10-29T00:51:17","modified_gmt":"2022-10-29T03:51:17","slug":"mesa-luxo-para-exame","status":"publish","type":"product","link":"https:\/\/www.brmedal.com.br\/?product=mesa-luxo-para-exame","title":{"rendered":"MESA LUXO PARA EXAME"},"content":{"rendered":"<p>Arma\u00e7\u00e3o em tubo quadrado 25 x 25 x 1,2mm. Arm\u00e1rio constru\u00eddo em chapa de a\u00e7o 0,75mm com 3 gavetas e 2 portas. Equipada com um par de porta-coxas estofados e anexos cromados. Parte superior em 3 pe\u00e7as articuladas, para v\u00e1rias posi\u00e7\u00f5es, atrav\u00e9s de cremalheira. Estofado revestido em courvin. Puxadores cromados. P\u00e9s com ponteiras. Dimens\u00f5es: 1,80 x 0,65 x 0,87m.<br \/>\n<!-- [if !supportLineBreakNewLine]--><br \/>\n<!--[endif]--><\/p>\n","protected":false},"excerpt":{"rendered":"<p>Arma\u00e7\u00e3o em tubo quadrado 25 x 25 x 1,2mm. Arm\u00e1rio constru\u00eddo em chapa de a\u00e7o 0,75mm com 3 gavetas e 2 portas. Equipada com um par<span class=\"excerpt-hellip\"> [\u2026]<\/span><\/p>\n","protected":false},"featured_media":8638,"comment_status":"open","ping_status":"closed","template":"","meta":[],"product_brand":[],"product_cat":[509,553],"product_tag":[],"class_list":{"0":"post-8641","1":"product","2":"type-product","3":"status-publish","4":"has-post-thumbnail","6":"product_cat-medicina","7":"product_cat-mobiliario","9":"first","10":"onbackorder","11":"shipping-taxable","12":"purchasable","13":"product-type-simple"},"_links":{"self":[{"href":"https:\/\/www.brmedal.com.br\/index.php?rest_route=\/wp\/v2\/product\/8641","targetHints":{"allow":["GET"]}}],"collection":[{"href":"https:\/\/www.brmedal.com.br\/index.php?rest_route=\/wp\/v2\/product"}],"about":[{"href":"https:\/\/www.brmedal.com.br\/index.php?rest_route=\/wp\/v2\/types\/product"}],"replies":[{"embeddable":true,"href":"https:\/\/www.brmedal.com.br\/index.php?rest_route=%2Fwp%2Fv2%2Fcomments&post=8641"}],"wp:featuredmedia":[{"embeddable":true,"href":"https:\/\/www.brmedal.com.br\/index.php?rest_route=\/wp\/v2\/media\/8638"}],"wp:attachment":[{"href":"https:\/\/www.brmedal.com.br\/index.php?rest_route=%2Fwp%2Fv2%2Fmedia&parent=8641"}],"wp:term":[{"taxonomy":"product_brand","embeddable":true,"href":"https:\/\/www.brmedal.com.br\/index.php?rest_route=%2Fwp%2Fv2%2Fproduct_brand&post=8641"},{"taxonomy":"product_cat","embeddable":true,"href":"https:\/\/www.brmedal.com.br\/index.php?rest_route=%2Fwp%2Fv2%2Fproduct_cat&post=8641"},{"taxonomy":"product_tag","embeddable":true,"href":"https:\/\/www.brmedal.com.br\/index.php?rest_route=%2Fwp%2Fv2%2Fproduct_tag&post=8641"}],"curies":[{"name":"wp","href":"https:\/\/api.w.org\/{rel}","templated":true}]}}