{"id":8842,"date":"2019-05-16T07:43:24","date_gmt":"2019-05-16T10:43:24","guid":{"rendered":"https:\/\/www.brmedal.com.br\/product\/balanca-digital-portatil-mobile-baby\/"},"modified":"2022-10-25T23:44:55","modified_gmt":"2022-10-26T02:44:55","slug":"balanca-digital-portatil-mobile-baby","status":"publish","type":"product","link":"https:\/\/www.brmedal.com.br\/?product=balanca-digital-portatil-mobile-baby","title":{"rendered":"Balan\u00e7a Digital Port\u00e1til Mobile Baby"},"content":{"rendered":"<p>Fonte autom\u00e1tica \u201cFull Range\u201d externa. Entrada: 90-250VAC, 50\/60Hz e Sa\u00edda 9VDC\/1,5A<\/p>\n<p>Display operador de LCD (cristal l\u00edquido), evitando consumo energ\u00e9tico excessivo.<\/p>\n<p>Em polipropileno injetado na cor extra-branco. \u00c9 anti-germes, totalmente higieniz\u00e1vel e at\u00f3xica.<\/p>\n<p>Gabinete feito em pl\u00e1stico ABS injetado na cor extra-branco. Garantia de acabamento de excelente qualidade, com resist\u00eancia e durabilidade.<\/p>\n<p>Teclado (e painel da balan\u00e7a)<\/p>\n<p>Teclado tipo \u201cmembrana\u201d dur\u00e1vel e de f\u00e1cil digita\u00e7\u00e3o, com painel em policarbonato resistente, dispensando prote\u00e7\u00f5es adicionais.<\/p>\n<p>Sonoriza\u00e7\u00e3o de teclas durante a digita\u00e7\u00e3o<\/p>\n<p>P\u00e9s antiderrapantes<\/p>\n<p>Em borracha sint\u00e9tica, al\u00e9m de permitir a corre\u00e7\u00e3o do nivelamento, oferecem maior ader\u00eancia ao balc\u00e3o\/mesa, e seguran\u00e7a para as pesagens.<\/p>\n<p>Dimens\u00f5es: Gabinete: 30L x 28P x 9,5A cm. Concha anat\u00f4mica: 55P x 33L x 8,5A cm.<\/p>\n<p>Peso da balan\u00e7a de 4 kg + 1kg vers\u00e3o bat<\/p>\n<p>Peso de embarque da balan\u00e7a de 5kg + 1kg vers\u00e3o bat<\/p>\n<p>Consumo de 0,2W ou 12W durante a recarga da bateria (quando houver)<\/p>\n<p>Garantia de 1 ano contra quaisquer defeitos de materiais e\/ou fabrica\u00e7\u00e3o<\/p>\n<p>A balan\u00e7a opera opcionalmente atrav\u00e9s de 6 pilhas pequenas do tipo AA e possui por at\u00e9 40 horas com pilhas comuns e at\u00e9 80 horas com pilhas alcalinas. (*) (1. Caracter\u00edstica padr\u00e3o no modelo b\u00e1sico, sem bateria interna recarreg\u00e1vel) (2. Pilhas n\u00e3o inclusas) (3. A balan\u00e7a n\u00e3o recarrega pilhas) (4. Para pilhas recarreg\u00e1veis, a autonomia \u00e9 vari\u00e1vel conforme a marca).<\/p>\n<p>Dupla escala de pesagem<\/p>\n<p>Muito mais capacidade e precis\u00e3o em rela\u00e7\u00e3o ao que o mercado oferece. Confira: Mercado 15kg x 5g \/ Balmak 25kg x 2g at\u00e9 10kg x 5g at\u00e9 25 kg.<\/p>\n<p>4 diferentes tipos de fontes de alimenta\u00e7\u00e3o*<\/p>\n<p>Fonte autom\u00e1tica \u201cFull Range\u201d, ou pilhas, ou bateria interna recarreg\u00e1vel ou ainda kit bateria externa. Versatilidade total!<\/p>\n<p>(*) Consultar combina\u00e7\u00f5es poss\u00edveis para o mesmo equipamento<\/p>\n","protected":false},"excerpt":{"rendered":"<p>ELP &#8211; 25BB 25kg Modelo standard (b\u00e1sico)<\/p>\n<p>ELP &#8211; 25BBP 25kg Funcionamento por pilhas<\/p>\n<p>ELP &#8211; 25BBC 25kg Capa almofadada<\/p>\n<p>ELP &#8211; 25BBPC 25kg Funcionamento por pilhas + capa almofadada<\/p>\n","protected":false},"featured_media":8831,"comment_status":"open","ping_status":"closed","template":"","meta":[],"product_brand":[],"product_cat":[535,509],"product_tag":[],"class_list":{"0":"post-8842","1":"product","2":"type-product","3":"status-publish","4":"has-post-thumbnail","6":"product_cat-equipamentos-medicina","7":"product_cat-medicina","9":"first","10":"onbackorder","11":"shipping-taxable","12":"purchasable","13":"product-type-simple"},"_links":{"self":[{"href":"https:\/\/www.brmedal.com.br\/index.php?rest_route=\/wp\/v2\/product\/8842","targetHints":{"allow":["GET"]}}],"collection":[{"href":"https:\/\/www.brmedal.com.br\/index.php?rest_route=\/wp\/v2\/product"}],"about":[{"href":"https:\/\/www.brmedal.com.br\/index.php?rest_route=\/wp\/v2\/types\/product"}],"replies":[{"embeddable":true,"href":"https:\/\/www.brmedal.com.br\/index.php?rest_route=%2Fwp%2Fv2%2Fcomments&post=8842"}],"wp:featuredmedia":[{"embeddable":true,"href":"https:\/\/www.brmedal.com.br\/index.php?rest_route=\/wp\/v2\/media\/8831"}],"wp:attachment":[{"href":"https:\/\/www.brmedal.com.br\/index.php?rest_route=%2Fwp%2Fv2%2Fmedia&parent=8842"}],"wp:term":[{"taxonomy":"product_brand","embeddable":true,"href":"https:\/\/www.brmedal.com.br\/index.php?rest_route=%2Fwp%2Fv2%2Fproduct_brand&post=8842"},{"taxonomy":"product_cat","embeddable":true,"href":"https:\/\/www.brmedal.com.br\/index.php?rest_route=%2Fwp%2Fv2%2Fproduct_cat&post=8842"},{"taxonomy":"product_tag","embeddable":true,"href":"https:\/\/www.brmedal.com.br\/index.php?rest_route=%2Fwp%2Fv2%2Fproduct_tag&post=8842"}],"curies":[{"name":"wp","href":"https:\/\/api.w.org\/{rel}","templated":true}]}}